Last updated on 2024-08-25 05:49:15 CEST.
Flavor | Version | Tinstall | Tcheck | Ttotal | Status | Flags |
---|---|---|---|---|---|---|
r-devel-linux-x86_64-debian-clang | 0.6.6 | 39.42 | 131.32 | 170.74 | OK | |
r-devel-linux-x86_64-debian-gcc | 0.6.6 | 29.17 | 100.34 | 129.51 | OK | |
r-devel-linux-x86_64-fedora-clang | 0.6.6 | 289.53 | OK | |||
r-devel-linux-x86_64-fedora-gcc | 0.6.6 | 279.85 | OK | |||
r-devel-windows-x86_64 | 0.6.6 | 88.00 | 661.00 | 749.00 | OK | |
r-patched-linux-x86_64 | 0.6.6 | 35.93 | 124.44 | 160.37 | OK | |
r-release-linux-x86_64 | 0.6.6 | 38.16 | 124.36 | 162.52 | OK | |
r-release-macos-arm64 | 0.6.6 | 75.00 | NOTE | |||
r-release-macos-x86_64 | 0.6.6 | 99.00 | NOTE | |||
r-release-windows-x86_64 | 0.6.6 | 85.00 | 670.00 | 755.00 | OK | |
r-oldrel-macos-arm64 | 0.6.6 | 76.00 | NOTE | |||
r-oldrel-macos-x86_64 | 0.6.6 | 147.00 | NOTE | |||
r-oldrel-windows-x86_64 | 0.6.6 | 74.00 | 405.00 | 479.00 | OK |
Version: 0.6.6
Check: installed package size
Result: NOTE
installed size is 5.7Mb
sub-directories of 1Mb or more:
extdata 3.4Mb
libs 2.1Mb
Flavors: r-release-macos-arm64, r-release-macos-x86_64, r-oldrel-macos-arm64, r-oldrel-macos-x86_64