Last updated on 2025-11-16 04:48:26 CET.
| Flavor | Version | Tinstall | Tcheck | Ttotal | Status | Flags |
|---|---|---|---|---|---|---|
| r-devel-linux-x86_64-debian-clang | 1.25 | 8.36 | 138.64 | 147.00 | NOTE | |
| r-devel-linux-x86_64-debian-gcc | 1.25 | 7.56 | 108.56 | 116.12 | NOTE | |
| r-devel-linux-x86_64-fedora-clang | 1.25 | 43.00 | 213.96 | 256.96 | NOTE | |
| r-devel-linux-x86_64-fedora-gcc | 1.25 | 52.00 | 256.78 | 308.78 | NOTE | |
| r-devel-windows-x86_64 | 1.25 | 24.00 | 297.00 | 321.00 | NOTE | |
| r-patched-linux-x86_64 | 1.25 | 17.35 | 131.81 | 149.16 | OK | |
| r-release-linux-x86_64 | 1.25 | 7.88 | 132.87 | 140.75 | OK | |
| r-release-macos-arm64 | 1.25 | 5.00 | 163.00 | 168.00 | OK | |
| r-release-macos-x86_64 | 1.25 | 10.00 | 232.00 | 242.00 | OK | |
| r-release-windows-x86_64 | 1.25 | 18.00 | 293.00 | 311.00 | OK | |
| r-oldrel-macos-arm64 | 1.25 | 6.00 | 158.00 | 164.00 | OK | |
| r-oldrel-macos-x86_64 | 1.25 | 14.00 | 217.00 | 231.00 | OK | |
| r-oldrel-windows-x86_64 | 1.25 | 22.00 | 342.00 | 364.00 | OK |
Version: 1.25
Check: Rd files
Result: NOTE
checkRd: (-1) crossa.wheat.Rd:29-56: Only 5 columns allowed in this table (row 26 has 4)
checkRd: (-1) stroup.splitplot.Rd:14: height/width attributes should be in pixels
Flavors: r-devel-linux-x86_64-debian-clang, r-devel-windows-x86_64
Version: 1.25
Check: Rd files
Result: NOTE
checkRd: (-1) stroup.splitplot.Rd:14: height/width attributes should be in pixels
Flavors: r-devel-linux-x86_64-debian-gcc, r-devel-linux-x86_64-fedora-clang, r-devel-linux-x86_64-fedora-gcc