Last updated on 2025-05-11 05:50:10 CEST.
Flavor | Version | Tinstall | Tcheck | Ttotal | Status | Flags |
---|---|---|---|---|---|---|
r-devel-linux-x86_64-debian-clang | 1.2.2 | 3.24 | 31.46 | 34.70 | OK | |
r-devel-linux-x86_64-debian-gcc | 1.2.2 | 2.71 | 25.02 | 27.73 | OK | |
r-devel-linux-x86_64-fedora-clang | 1.2.2 | 53.68 | OK | |||
r-devel-linux-x86_64-fedora-gcc | 1.2.2 | 54.60 | OK | |||
r-devel-windows-x86_64 | 1.2.2 | 11.00 | 57.00 | 68.00 | OK | |
r-patched-linux-x86_64 | 1.2.2 | 4.69 | 30.51 | 35.20 | OK | |
r-release-linux-x86_64 | 1.2.1 | 3.60 | 28.28 | 31.88 | NOTE | |
r-release-macos-arm64 | 1.2.2 | 21.00 | OK | |||
r-release-macos-x86_64 | 1.2.2 | 44.00 | OK | |||
r-release-windows-x86_64 | 1.2.2 | 12.00 | 60.00 | 72.00 | OK | |
r-oldrel-macos-arm64 | 1.2.2 | 25.00 | OK | |||
r-oldrel-macos-x86_64 | 1.2.2 | 48.00 | OK | |||
r-oldrel-windows-x86_64 | 1.2.1 | 7.00 | 56.00 | 63.00 | OK |
Version: 1.2.1
Check: for non-standard things in the check directory
Result: NOTE
Found the following files/directories:
‘stuve.pdf’
Flavor: r-release-linux-x86_64