Last updated on 2025-02-22 04:51:05 CET.
Flavor | Version | Tinstall | Tcheck | Ttotal | Status | Flags |
---|---|---|---|---|---|---|
r-devel-linux-x86_64-debian-clang | 2.5.4 | 4.57 | 30.72 | 35.29 | NOTE | |
r-devel-linux-x86_64-debian-gcc | 2.5.4 | 3.48 | 22.50 | 25.98 | NOTE | |
r-devel-linux-x86_64-fedora-clang | 2.5.4 | 57.18 | OK | |||
r-devel-linux-x86_64-fedora-gcc | 2.5.4 | 56.61 | OK | |||
r-devel-macos-arm64 | 2.5.4 | 20.00 | OK | |||
r-devel-macos-x86_64 | 2.5.4 | 34.00 | OK | |||
r-devel-windows-x86_64 | 2.5.4 | 7.00 | 51.00 | 58.00 | NOTE | |
r-patched-linux-x86_64 | 2.5.4 | 7.46 | 29.02 | 36.48 | OK | |
r-release-linux-x86_64 | 2.5.4 | 4.64 | 29.12 | 33.76 | OK | |
r-release-macos-arm64 | 2.5.4 | 19.00 | OK | |||
r-release-macos-x86_64 | 2.5.4 | 30.00 | OK | |||
r-release-windows-x86_64 | 2.5.4 | 6.00 | 50.00 | 56.00 | OK | |
r-oldrel-macos-arm64 | 2.5.4 | 24.00 | OK | |||
r-oldrel-macos-x86_64 | 2.5.4 | 46.00 | OK | |||
r-oldrel-windows-x86_64 | 2.5.4 | 7.00 | 58.00 | 65.00 | OK |
Version: 2.5.4
Check: Rd cross-references
Result: NOTE
Found the following Rd file(s) with Rd \link{} targets missing package
anchors:
amCluster.Rd: dynamicTreeCut, cutreeHybrid
Please provide package anchors for all Rd \link{} targets not in the
package itself and the base packages.
Flavors: r-devel-linux-x86_64-debian-clang, r-devel-linux-x86_64-debian-gcc, r-devel-windows-x86_64