Last updated on 2024-08-25 05:49:15 CEST.
Flavor | Version | Tinstall | Tcheck | Ttotal | Status | Flags |
---|---|---|---|---|---|---|
r-devel-linux-x86_64-debian-clang | 0.3.0 | 6.70 | 105.87 | 112.57 | OK | |
r-devel-linux-x86_64-debian-gcc | 0.3.0 | 5.58 | 80.30 | 85.88 | OK | |
r-devel-linux-x86_64-fedora-clang | 0.3.0 | 180.35 | NOTE | |||
r-devel-linux-x86_64-fedora-gcc | 0.3.0 | 170.37 | NOTE | |||
r-devel-windows-x86_64 | 0.3.0 | 10.00 | 86.00 | 96.00 | NOTE | |
r-patched-linux-x86_64 | 0.3.0 | 7.55 | 103.93 | 111.48 | OK | |
r-release-linux-x86_64 | 0.3.0 | 7.82 | 103.02 | 110.84 | OK | |
r-release-macos-arm64 | 0.3.0 | 44.00 | NOTE | |||
r-release-macos-x86_64 | 0.3.0 | 119.00 | OK | |||
r-release-windows-x86_64 | 0.3.0 | 10.00 | 88.00 | 98.00 | NOTE | |
r-oldrel-macos-arm64 | 0.3.0 | 45.00 | NOTE | |||
r-oldrel-macos-x86_64 | 0.3.0 | 100.00 | NOTE | |||
r-oldrel-windows-x86_64 | 0.3.0 | 12.00 | 102.00 | 114.00 | NOTE |
Version: 0.3.0
Check: dependencies in R code
Result: NOTE
Namespaces in Imports field not imported from:
‘magrittr’ ‘tidyverse’
All declared Imports should be used.
Flavors: r-devel-linux-x86_64-fedora-clang, r-devel-linux-x86_64-fedora-gcc
Version: 0.3.0
Check: package dependencies
Result: NOTE
Package suggested but not available for checking: 'metaboliteIDmapping'
Flavors: r-devel-windows-x86_64, r-release-macos-arm64, r-release-windows-x86_64, r-oldrel-macos-arm64, r-oldrel-macos-x86_64, r-oldrel-windows-x86_64