Last updated on 2025-11-16 04:48:26 CET.
| Flavor | Version | Tinstall | Tcheck | Ttotal | Status | Flags |
|---|---|---|---|---|---|---|
| r-devel-linux-x86_64-debian-clang | 1.0.5 | 3.08 | 42.86 | 45.94 | OK | |
| r-devel-linux-x86_64-debian-gcc | 1.0.5 | 2.60 | 307.30 | 309.90 | OK | |
| r-devel-linux-x86_64-fedora-clang | 1.0.5 | 12.00 | 774.89 | 786.89 | NOTE | |
| r-devel-linux-x86_64-fedora-gcc | 1.0.5 | 798.65 | NOTE | |||
| r-devel-windows-x86_64 | 1.0.5 | 6.00 | 60.00 | 66.00 | OK | |
| r-patched-linux-x86_64 | 1.0.5 | 3.48 | 40.19 | 43.67 | OK | |
| r-release-linux-x86_64 | 1.0.5 | 3.17 | 455.35 | 458.52 | OK | |
| r-release-macos-arm64 | 1.0.5 | 2.00 | 27.00 | 29.00 | OK | |
| r-release-macos-x86_64 | 1.0.5 | 5.00 | 65.00 | 70.00 | OK | |
| r-release-windows-x86_64 | 1.0.5 | 6.00 | 60.00 | 66.00 | OK | |
| r-oldrel-macos-arm64 | 1.0.5 | 2.00 | 32.00 | 34.00 | OK | |
| r-oldrel-macos-x86_64 | 1.0.5 | 4.00 | 58.00 | 62.00 | OK | |
| r-oldrel-windows-x86_64 | 1.0.5 | 6.00 | 75.00 | 81.00 | OK |
Version: 1.0.5
Check: for detritus in the temp directory
Result: NOTE
Found the following files/directories:
‘Rtmp0m5aTH\amCluster_S70BW5J1.htm’
‘Rtmp0m5aTH\amPairwise_O9F8EAYG.htm’
‘Rtmp0m5aTH\amUnique_NYAHUXRF.htm’
Flavor: r-devel-linux-x86_64-fedora-clang
Version: 1.0.5
Check: for detritus in the temp directory
Result: NOTE
Found the following files/directories:
‘RtmpFkYjpL\amCluster_HR51T682.htm’
‘RtmpFkYjpL\amPairwise_MCULSGT1.htm’
‘RtmpFkYjpL\amUnique_Z95UDYCK.htm’
Flavor: r-devel-linux-x86_64-fedora-gcc