Last updated on 2025-11-16 04:48:26 CET.
| Flavor | Version | Tinstall | Tcheck | Ttotal | Status | Flags |
|---|---|---|---|---|---|---|
| r-devel-linux-x86_64-debian-clang | 0.80 | 15.09 | 107.90 | 122.99 | NOTE | |
| r-devel-linux-x86_64-debian-gcc | 0.80 | 9.53 | 77.44 | 86.97 | NOTE | |
| r-devel-linux-x86_64-fedora-clang | 0.80 | 35.00 | 158.44 | 193.44 | OK | |
| r-devel-linux-x86_64-fedora-gcc | 0.80 | 29.00 | 148.92 | 177.92 | OK | |
| r-devel-windows-x86_64 | 0.80 | 18.00 | 103.00 | 121.00 | OK | |
| r-patched-linux-x86_64 | 0.80 | 13.68 | 101.65 | 115.33 | OK | |
| r-release-linux-x86_64 | 0.80 | 13.61 | 102.72 | 116.33 | OK | |
| r-release-macos-arm64 | 0.80 | 6.00 | 42.00 | 48.00 | OK | |
| r-release-macos-x86_64 | 0.80 | 12.00 | 75.00 | 87.00 | OK | |
| r-release-windows-x86_64 | 0.80 | 16.00 | 104.00 | 120.00 | OK | |
| r-oldrel-macos-arm64 | 0.80 | 6.00 | 46.00 | 52.00 | OK | |
| r-oldrel-macos-x86_64 | 0.80 | 9.00 | 59.00 | 68.00 | OK | |
| r-oldrel-windows-x86_64 | 0.80 | 22.00 | 135.00 | 157.00 | OK |
Version: 0.80
Check: CRAN incoming feasibility
Result: NOTE
Maintainer: ‘Josh Pasek <josh@joshpasek.com>’
No Authors@R field in DESCRIPTION.
Please add one, modifying
Authors@R: person(given = "Josh",
family = "Pasek",
role = c("aut", "cre"),
email = "josh@joshpasek.com")
as necessary.
Flavors: r-devel-linux-x86_64-debian-clang, r-devel-linux-x86_64-debian-gcc