Last updated on 2024-08-25 05:49:15 CEST.
Flavor | Version | Tinstall | Tcheck | Ttotal | Status | Flags |
---|---|---|---|---|---|---|
r-devel-linux-x86_64-debian-clang | 0.9 | 3.27 | 31.24 | 34.51 | OK | |
r-devel-linux-x86_64-debian-gcc | 0.9 | 2.66 | 24.34 | 27.00 | OK | |
r-devel-linux-x86_64-fedora-clang | 0.9 | 55.77 | NOTE | |||
r-devel-linux-x86_64-fedora-gcc | 0.9 | 53.89 | OK | |||
r-devel-windows-x86_64 | 0.9 | 4.00 | 52.00 | 56.00 | OK | |
r-patched-linux-x86_64 | 0.9 | 3.32 | 31.07 | 34.39 | OK | |
r-release-linux-x86_64 | 0.9 | 3.28 | 29.91 | 33.19 | OK | |
r-release-macos-arm64 | 0.9 | 50.00 | OK | |||
r-release-macos-x86_64 | 0.9 | 69.00 | OK | |||
r-release-windows-x86_64 | 0.9 | 4.00 | 54.00 | 58.00 | OK | |
r-oldrel-macos-arm64 | 0.9 | 30.00 | OK | |||
r-oldrel-macos-x86_64 | 0.9 | 58.00 | OK | |||
r-oldrel-windows-x86_64 | 0.9 | 5.00 | 55.00 | 60.00 | OK |
Version: 0.9
Check: Rd cross-references
Result: NOTE
Undeclared package ‘fields’ in Rd xrefs
Flavor: r-devel-linux-x86_64-fedora-clang