Last updated on 2025-10-25 05:49:56 CEST.
| Flavor | Version | Tinstall | Tcheck | Ttotal | Status | Flags |
|---|---|---|---|---|---|---|
| r-devel-linux-x86_64-debian-clang | 0.1.0 | 2.03 | 26.00 | 28.03 | NOTE | |
| r-devel-linux-x86_64-debian-gcc | 0.1.0 | 1.55 | 21.86 | 23.41 | NOTE | |
| r-devel-linux-x86_64-fedora-clang | 0.1.0 | 10.00 | 36.15 | 46.15 | NOTE | |
| r-devel-linux-x86_64-fedora-gcc | 0.1.0 | 56.90 | NOTE | |||
| r-devel-windows-x86_64 | 0.1.0 | 4.00 | 46.00 | 50.00 | OK | |
| r-patched-linux-x86_64 | 0.1.0 | 1.88 | 24.99 | 26.87 | OK | |
| r-release-linux-x86_64 | 0.1.0 | 2.08 | 25.19 | 27.27 | OK | |
| r-release-macos-arm64 | 0.1.0 | 1.00 | 30.00 | 31.00 | OK | |
| r-release-macos-x86_64 | 0.1.0 | 3.00 | 79.00 | 82.00 | OK | |
| r-release-windows-x86_64 | 0.1.0 | 4.00 | 47.00 | 51.00 | OK | |
| r-oldrel-macos-arm64 | 0.1.0 | 1.00 | 24.00 | 25.00 | NOTE | |
| r-oldrel-macos-x86_64 | 0.1.0 | 1.00 | 65.00 | 66.00 | NOTE | |
| r-oldrel-windows-x86_64 | 0.1.0 | 5.00 | 53.00 | 58.00 | NOTE |
Version: 0.1.0
Check: CRAN incoming feasibility
Result: NOTE
Maintainer: ‘Michael Korvink <mkorvink@protonmail.com>’
Package CITATION file contains call(s) to old-style personList() or
as.personList(). Please use c() on person objects instead.
Package CITATION file contains call(s) to old-style citEntry(). Please
use bibentry() instead.
Flavors: r-devel-linux-x86_64-debian-clang, r-devel-linux-x86_64-debian-gcc
Version: 0.1.0
Check: dependencies in R code
Result: NOTE
Namespaces in Imports field not imported from:
‘bannerCommenter’ ‘config’ ‘feather’ ‘here’ ‘knitr’ ‘log4r’ ‘ps’
‘rmarkdown’ ‘skimr’ ‘snakecase’ ‘testthat’ ‘tidyverse’
All declared Imports should be used.
Flavors: r-devel-linux-x86_64-fedora-clang, r-devel-linux-x86_64-fedora-gcc
Version: 0.1.0
Check: LazyData
Result: NOTE
'LazyData' is specified without a 'data' directory
Flavors: r-oldrel-macos-arm64, r-oldrel-macos-x86_64, r-oldrel-windows-x86_64