CRAN Package Check Results for Package areabiplot

Last updated on 2025-04-15 05:49:02 CEST.

Flavor Version Tinstall Tcheck Ttotal Status Flags
r-devel-linux-x86_64-debian-clang 1.0.0 1.55 19.10 20.65 OK
r-devel-linux-x86_64-debian-gcc 1.0.0 1.26 16.19 17.45 OK
r-devel-linux-x86_64-fedora-clang 1.0.0 33.82 OK
r-devel-linux-x86_64-fedora-gcc 1.0.0 31.81 OK
r-devel-windows-x86_64 1.0.0 3.00 45.00 48.00 OK
r-patched-linux-x86_64 1.0.0 1.80 19.11 20.91 OK
r-release-linux-x86_64 1.0.0 1.69 18.80 20.49 OK
r-release-macos-arm64 1.0.0 17.00 OK
r-release-macos-x86_64 1.0.0 25.00 OK
r-release-windows-x86_64 1.0.0 4.00 46.00 50.00 OK
r-oldrel-macos-arm64 1.0.0 16.00 NOTE
r-oldrel-macos-x86_64 1.0.0 23.00 NOTE
r-oldrel-windows-x86_64 1.0.0 3.00 46.00 49.00 NOTE

Check Details

Version: 1.0.0
Check: LazyData
Result: NOTE 'LazyData' is specified without a 'data' directory Flavors: r-oldrel-macos-arm64, r-oldrel-macos-x86_64, r-oldrel-windows-x86_64