Last updated on 2025-11-16 04:48:26 CET.
| Flavor | Version | Tinstall | Tcheck | Ttotal | Status | Flags |
|---|---|---|---|---|---|---|
| r-devel-linux-x86_64-debian-clang | 0.1.8 | 7.66 | 96.26 | 103.92 | NOTE | |
| r-devel-linux-x86_64-debian-gcc | 0.1.8 | 5.39 | 72.51 | 77.90 | NOTE | |
| r-devel-linux-x86_64-fedora-clang | 0.1.8 | 18.00 | 148.46 | 166.46 | OK | |
| r-devel-linux-x86_64-fedora-gcc | 0.1.8 | 16.00 | 157.96 | 173.96 | OK | |
| r-devel-windows-x86_64 | 0.1.8 | 10.00 | 105.00 | 115.00 | OK | |
| r-patched-linux-x86_64 | 0.1.8 | 7.14 | 91.98 | 99.12 | OK | |
| r-release-linux-x86_64 | 0.1.8 | 6.91 | 91.38 | 98.29 | OK | |
| r-release-macos-arm64 | 0.1.8 | 5.00 | 67.00 | 72.00 | OK | |
| r-release-macos-x86_64 | 0.1.8 | 6.00 | 99.00 | 105.00 | OK | |
| r-release-windows-x86_64 | 0.1.8 | 9.00 | 104.00 | 113.00 | OK | |
| r-oldrel-macos-arm64 | 0.1.8 | 3.00 | 49.00 | 52.00 | OK | |
| r-oldrel-macos-x86_64 | 0.1.8 | 5.00 | 74.00 | 79.00 | OK | |
| r-oldrel-windows-x86_64 | 0.1.8 | 12.00 | 130.00 | 142.00 | OK |
Version: 0.1.8
Check: CRAN incoming feasibility
Result: NOTE
Maintainer: ‘Christopher Prener <chris.prener@gmail.com>’
Package CITATION file contains call(s) to old-style citEntry(). Please
use bibentry() instead.
Flavors: r-devel-linux-x86_64-debian-clang, r-devel-linux-x86_64-debian-gcc