Last updated on 2025-11-16 04:48:26 CET.
| Flavor | Version | Tinstall | Tcheck | Ttotal | Status | Flags |
|---|---|---|---|---|---|---|
| r-devel-linux-x86_64-debian-clang | 3.4.2 | 9.11 | 74.76 | 83.87 | OK | |
| r-devel-linux-x86_64-debian-gcc | 3.4.2 | 6.10 | 53.27 | 59.37 | NOTE | |
| r-devel-linux-x86_64-fedora-clang | 3.4.2 | 16.00 | 117.93 | 133.93 | OK | |
| r-devel-linux-x86_64-fedora-gcc | 3.4.2 | 18.00 | 108.35 | 126.35 | OK | |
| r-devel-windows-x86_64 | 3.4.2 | 17.00 | 83.00 | 100.00 | OK | |
| r-patched-linux-x86_64 | 3.4.2 | 9.01 | 70.59 | 79.60 | OK | |
| r-release-linux-x86_64 | 3.4.2 | 8.87 | 71.76 | 80.63 | OK | |
| r-release-macos-arm64 | 3.4.2 | 7.00 | 32.00 | 39.00 | OK | |
| r-release-macos-x86_64 | 3.4.2 | 11.00 | 68.00 | 79.00 | OK | |
| r-release-windows-x86_64 | 3.4.2 | 20.00 | 83.00 | 103.00 | OK | |
| r-oldrel-macos-arm64 | 3.4.2 | 5.00 | 43.00 | 48.00 | OK | |
| r-oldrel-macos-x86_64 | 3.4.2 | 11.00 | 71.00 | 82.00 | OK | |
| r-oldrel-windows-x86_64 | 3.4.2 | 19.00 | 105.00 | 124.00 | OK |
Version: 3.4.2
Check: CRAN incoming feasibility
Result: NOTE
Maintainer: ‘Jesse Wheeler <jessewheeler@isu.edu>’
The BugReports field in DESCRIPTION has
https://github.com/jeswheel/arima2/issues/
which should likely be
https://github.com/jeswheel/arima2/issues/issues
instead.
Flavor: r-devel-linux-x86_64-debian-gcc