Last updated on 2025-11-16 04:48:26 CET.
| Flavor | Version | Tinstall | Tcheck | Ttotal | Status | Flags |
|---|---|---|---|---|---|---|
| r-devel-linux-x86_64-debian-clang | 1.14-4 | 11.73 | 89.93 | 101.66 | OK | |
| r-devel-linux-x86_64-debian-gcc | 1.14-4 | 8.30 | 65.41 | 73.71 | NOTE | |
| r-devel-linux-x86_64-fedora-clang | 1.14-4 | 29.00 | 130.79 | 159.79 | OK | |
| r-devel-linux-x86_64-fedora-gcc | 1.14-4 | 27.00 | 122.67 | 149.67 | OK | |
| r-devel-windows-x86_64 | 1.14-4 | 18.00 | 100.00 | 118.00 | OK | |
| r-patched-linux-x86_64 | 1.14-4 | 13.19 | 86.10 | 99.29 | OK | |
| r-release-linux-x86_64 | 1.14-4 | 11.84 | 87.22 | 99.06 | OK | |
| r-release-macos-arm64 | 1.14-4 | 6.00 | 43.00 | 49.00 | OK | |
| r-release-macos-x86_64 | 1.14-4 | 13.00 | 85.00 | 98.00 | OK | |
| r-release-windows-x86_64 | 1.14-4 | 14.00 | 97.00 | 111.00 | OK | |
| r-oldrel-macos-arm64 | 1.14-4 | 5.00 | 37.00 | 42.00 | OK | |
| r-oldrel-macos-x86_64 | 1.14-4 | 8.00 | 53.00 | 61.00 | OK | |
| r-oldrel-windows-x86_64 | 1.14-4 | 18.00 | 125.00 | 143.00 | OK |
Version: 1.14-4
Check: CRAN incoming feasibility
Result: NOTE
Maintainer: ‘Yu-Sung Su <suyusung@tsinghua.edu.cn>’
The BugReports field in DESCRIPTION has
https://github.com/suyusung/arm/issues/
which should likely be
https://github.com/suyusung/arm/issues/issues
instead.
Flavor: r-devel-linux-x86_64-debian-gcc