Last updated on 2024-08-25 05:49:15 CEST.
Flavor | Version | Tinstall | Tcheck | Ttotal | Status | Flags |
---|---|---|---|---|---|---|
r-devel-linux-x86_64-debian-clang | 3.2.2 | 52.45 | 267.85 | 320.30 | NOTE | |
r-devel-linux-x86_64-debian-gcc | 3.2.2 | 31.51 | 167.39 | 198.90 | NOTE | |
r-devel-linux-x86_64-fedora-clang | 3.2.2 | 554.41 | NOTE | |||
r-devel-linux-x86_64-fedora-gcc | 3.2.2 | 516.70 | OK | |||
r-devel-windows-x86_64 | 3.2.2 | 57.00 | 279.00 | 336.00 | NOTE | |
r-patched-linux-x86_64 | 3.2.2 | 59.34 | 250.38 | 309.72 | OK | |
r-release-linux-x86_64 | 3.2.2 | 48.10 | 254.01 | 302.11 | OK | |
r-release-macos-arm64 | 3.2.2 | 100.00 | NOTE | |||
r-release-macos-x86_64 | 3.2.2 | 175.00 | NOTE | |||
r-release-windows-x86_64 | 3.2.2 | 59.00 | 276.00 | 335.00 | NOTE | |
r-oldrel-macos-arm64 | 3.2.2 | 124.00 | NOTE | |||
r-oldrel-macos-x86_64 | 3.2.2 | 228.00 | NOTE | |||
r-oldrel-windows-x86_64 | 3.2.2 | 71.00 | 350.00 | 421.00 | NOTE |
Version: 3.2.2
Check: Rd cross-references
Result: NOTE
Found the following Rd file(s) with Rd \link{} targets missing package
anchors:
SmoothMultiarrayModel.Rd: ChromosomalModel,
CopyNumberSegmentationModel
byPath.AffymetrixFileSet.Rd: GenericDataFile
calculateBaseline.ChipEffectSet.Rd: getAverageFile
doCRMAv1.Rd: Verbose
doCRMAv2.Rd: Verbose
doFIRMA.Rd: Verbose
doGCRMA.Rd: Verbose
doRMA.Rd: Verbose
justRMA.Rd: Verbose
Please provide package anchors for all Rd \link{} targets not in the
package itself and the base packages.
Flavors: r-devel-linux-x86_64-debian-clang, r-devel-linux-x86_64-debian-gcc, r-devel-windows-x86_64
Version: 3.2.2
Check: installed package size
Result: NOTE
installed size is 5.9Mb
sub-directories of 1Mb or more:
R 2.3Mb
help 1.2Mb
testScripts 1.3Mb
Flavors: r-devel-linux-x86_64-fedora-clang, r-devel-windows-x86_64, r-release-macos-arm64, r-release-macos-x86_64, r-release-windows-x86_64, r-oldrel-macos-arm64, r-oldrel-macos-x86_64, r-oldrel-windows-x86_64
Version: 3.2.2
Check: package dependencies
Result: NOTE
Package suggested but not available for checking: ‘AffymetrixDataTestFiles’
Flavors: r-release-macos-arm64, r-release-macos-x86_64
Version: 3.2.2
Check: package dependencies
Result: NOTE
Packages suggested but not available for checking:
'affxparser', 'oligo', 'oligoClasses', 'pdInfoBuilder',
'AffymetrixDataTestFiles'
Flavors: r-oldrel-macos-arm64, r-oldrel-macos-x86_64
Version: 3.2.2
Check: Rd cross-references
Result: NOTE
Packages unavailable to check Rd xrefs: ‘affxparser’, ‘oligo’, ‘oligoClasses’
Flavors: r-oldrel-macos-arm64, r-oldrel-macos-x86_64