Last updated on 2025-10-26 04:48:27 CET.
| Flavor | Version | Tinstall | Tcheck | Ttotal | Status | Flags |
|---|---|---|---|---|---|---|
| r-devel-linux-x86_64-debian-clang | 3.2.3 | 53.86 | 286.75 | 340.61 | OK | |
| r-devel-linux-x86_64-debian-gcc | 3.2.3 | 33.53 | 180.93 | 214.46 | OK | |
| r-devel-linux-x86_64-fedora-clang | 3.2.3 | 240.00 | 328.38 | 568.38 | OK | |
| r-devel-linux-x86_64-fedora-gcc | 3.2.3 | 251.00 | 311.04 | 562.04 | OK | |
| r-devel-windows-x86_64 | 3.2.3 | 58.00 | 286.00 | 344.00 | OK | |
| r-patched-linux-x86_64 | 3.2.3 | 56.95 | 268.33 | 325.28 | OK | |
| r-release-linux-x86_64 | 3.2.3 | 43.23 | 273.19 | 316.42 | OK | |
| r-release-macos-arm64 | 3.2.3 | 21.00 | 96.00 | 117.00 | OK | |
| r-release-macos-x86_64 | 3.2.3 | 51.00 | 219.00 | 270.00 | OK | |
| r-release-windows-x86_64 | 3.2.3 | 53.00 | 291.00 | 344.00 | OK | |
| r-oldrel-macos-arm64 | 3.2.3 | 24.00 | 102.00 | 126.00 | NOTE | |
| r-oldrel-macos-x86_64 | 3.2.3 | 57.00 | 221.00 | 278.00 | NOTE | |
| r-oldrel-windows-x86_64 | 3.2.3 | 78.00 | 365.00 | 443.00 | NOTE |
Version: 3.2.3
Check: package dependencies
Result: NOTE
Package suggested but not available for checking: ‘AffymetrixDataTestFiles’
Flavors: r-oldrel-macos-arm64, r-oldrel-macos-x86_64
Version: 3.2.3
Check: installed package size
Result: NOTE
installed size is 6.2Mb
sub-directories of 1Mb or more:
R 3.1Mb
help 1.1Mb
testScripts 1.1Mb
Flavors: r-oldrel-macos-arm64, r-oldrel-macos-x86_64, r-oldrel-windows-x86_64