Last updated on 2025-02-20 04:51:04 CET.
Flavor | Version | Tinstall | Tcheck | Ttotal | Status | Flags |
---|---|---|---|---|---|---|
r-devel-linux-x86_64-debian-clang | 1.0.1 | 2.52 | 22.29 | 24.81 | NOTE | |
r-devel-linux-x86_64-debian-gcc | 1.0.1 | 2.02 | 17.09 | 19.11 | NOTE | |
r-devel-linux-x86_64-fedora-clang | 1.0.1 | 38.06 | NOTE | |||
r-devel-linux-x86_64-fedora-gcc | 1.0.1 | 39.40 | NOTE | |||
r-devel-macos-arm64 | 1.0.1 | 18.00 | OK | |||
r-devel-macos-x86_64 | 1.0.1 | 29.00 | NOTE | |||
r-devel-windows-x86_64 | 1.0.1 | 4.00 | 54.00 | 58.00 | NOTE | |
r-patched-linux-x86_64 | 1.0.1 | 2.82 | 21.17 | 23.99 | OK | |
r-release-linux-x86_64 | 1.0.1 | 2.27 | 21.02 | 23.29 | OK | |
r-release-macos-arm64 | 1.0.1 | 17.00 | OK | |||
r-release-macos-x86_64 | 1.0.1 | 39.00 | OK | |||
r-release-windows-x86_64 | 1.0.1 | 4.00 | 3.00 | 7.00 | FAIL | |
r-oldrel-macos-arm64 | 1.0.1 | 23.00 | OK | |||
r-oldrel-macos-x86_64 | 1.0.1 | 38.00 | OK | |||
r-oldrel-windows-x86_64 | 1.0.1 | 5.00 | 61.00 | 66.00 | OK |
Version: 1.0.1
Check: DESCRIPTION meta-information
Result: NOTE
Missing dependency on R >= 4.1.0 because package code uses the pipe
|> or function shorthand \(...) syntax added in R 4.1.0.
File(s) using such syntax:
‘main.R’
Flavors: r-devel-linux-x86_64-debian-clang, r-devel-linux-x86_64-debian-gcc, r-devel-linux-x86_64-fedora-clang, r-devel-linux-x86_64-fedora-gcc, r-devel-macos-x86_64, r-devel-windows-x86_64
Version: 1.0.1
Check: package dependencies
Result: FAIL
Flavor: r-release-windows-x86_64