Last updated on 2025-11-16 04:48:27 CET.
| Flavor | Version | Tinstall | Tcheck | Ttotal | Status | Flags |
|---|---|---|---|---|---|---|
| r-devel-linux-x86_64-debian-clang | 0.2.0 | 30.69 | 101.55 | 132.24 | NOTE | |
| r-devel-linux-x86_64-debian-gcc | 0.2.0 | 19.47 | 74.57 | 94.04 | NOTE | |
| r-devel-linux-x86_64-fedora-clang | 0.2.0 | 134.00 | 96.04 | 230.04 | OK | |
| r-devel-linux-x86_64-fedora-gcc | 0.2.0 | 65.00 | 146.42 | 211.42 | OK | |
| r-devel-windows-x86_64 | 0.2.0 | 49.00 | 112.00 | 161.00 | OK | |
| r-patched-linux-x86_64 | 0.2.0 | 30.22 | 92.72 | 122.94 | OK | |
| r-release-linux-x86_64 | 0.2.0 | 29.55 | 93.68 | 123.23 | OK | |
| r-release-macos-arm64 | 0.2.0 | 11.00 | 42.00 | 53.00 | OK | |
| r-release-macos-x86_64 | 0.2.0 | 15.00 | 76.00 | 91.00 | OK | |
| r-release-windows-x86_64 | 0.2.0 | 38.00 | 113.00 | 151.00 | OK | |
| r-oldrel-macos-arm64 | 0.2.0 | 14.00 | 45.00 | 59.00 | OK | |
| r-oldrel-macos-x86_64 | 0.2.0 | 14.00 | 71.00 | 85.00 | OK | |
| r-oldrel-windows-x86_64 | 0.2.0 | 47.00 | 152.00 | 199.00 | OK |
Version: 0.2.0
Check: CRAN incoming feasibility
Result: NOTE
Maintainer: ‘Vivien Goepp <vivien.goepp@gmail.com>’
The Description field contains
Selection", <arXiv:1808.01770>.
Please refer to arXiv e-prints via their arXiv DOI <doi:10.48550/arXiv.YYMM.NNNNN>.
Flavors: r-devel-linux-x86_64-debian-clang, r-devel-linux-x86_64-debian-gcc