Last updated on 2025-02-22 04:51:05 CET.
Flavor | Version | Tinstall | Tcheck | Ttotal | Status | Flags |
---|---|---|---|---|---|---|
r-devel-linux-x86_64-debian-clang | 1.0.1 | 1.43 | 15.69 | 17.12 | OK | |
r-devel-linux-x86_64-debian-gcc | 1.0.1 | 1.29 | 13.00 | 14.29 | OK | |
r-devel-linux-x86_64-fedora-clang | 1.0.1 | 27.62 | OK | |||
r-devel-linux-x86_64-fedora-gcc | 1.0.1 | 27.64 | OK | |||
r-devel-macos-arm64 | 1.0.1 | 13.00 | OK | |||
r-devel-macos-x86_64 | 1.0.1 | 20.00 | OK | |||
r-devel-windows-x86_64 | 1.0.1 | 3.00 | 35.00 | 38.00 | OK | |
r-patched-linux-x86_64 | 1.0.1 | 1.57 | 15.02 | 16.59 | NOTE | |
r-release-linux-x86_64 | 1.0.1 | 1.45 | 14.94 | 16.39 | NOTE | |
r-release-macos-arm64 | 1.0.1 | 18.00 | NOTE | |||
r-release-macos-x86_64 | 1.0.1 | 18.00 | NOTE | |||
r-release-windows-x86_64 | 1.0.1 | 3.00 | 34.00 | 37.00 | NOTE | |
r-oldrel-macos-arm64 | 1.0.1 | 15.00 | NOTE | |||
r-oldrel-macos-x86_64 | 1.0.1 | 19.00 | NOTE | |||
r-oldrel-windows-x86_64 | 1.0.1 | 4.00 | 39.00 | 43.00 | NOTE |
Version: 1.0.1
Check: LazyData
Result: NOTE
'LazyData' is specified without a 'data' directory
Flavors: r-patched-linux-x86_64, r-release-linux-x86_64, r-release-macos-arm64, r-release-macos-x86_64, r-release-windows-x86_64, r-oldrel-macos-arm64, r-oldrel-macos-x86_64, r-oldrel-windows-x86_64