Last updated on 2025-02-20 04:51:04 CET.
Flavor | Version | Tinstall | Tcheck | Ttotal | Status | Flags |
---|---|---|---|---|---|---|
r-devel-linux-x86_64-debian-clang | 0.2.8 | 2.30 | 32.01 | 34.31 | OK | |
r-devel-linux-x86_64-debian-gcc | 0.2.8 | 1.61 | 24.68 | 26.29 | OK | |
r-devel-linux-x86_64-fedora-clang | 0.2.8 | 54.99 | OK | |||
r-devel-linux-x86_64-fedora-gcc | 0.2.8 | 68.92 | OK | |||
r-devel-macos-arm64 | 0.2.8 | 36.00 | OK | |||
r-devel-macos-x86_64 | 0.2.8 | 58.00 | OK | |||
r-devel-windows-x86_64 | 0.2.8 | 3.00 | 68.00 | 71.00 | OK | |
r-patched-linux-x86_64 | 0.2.8 | 2.20 | 29.83 | 32.03 | NOTE | |
r-release-linux-x86_64 | 0.2.8 | 1.83 | 29.58 | 31.41 | NOTE | |
r-release-macos-arm64 | 0.2.8 | 40.00 | NOTE | |||
r-release-macos-x86_64 | 0.2.8 | 50.00 | NOTE | |||
r-release-windows-x86_64 | 0.2.8 | 3.00 | 62.00 | 65.00 | NOTE | |
r-oldrel-macos-arm64 | 0.2.8 | 37.00 | NOTE | |||
r-oldrel-macos-x86_64 | 0.2.8 | 47.00 | NOTE | |||
r-oldrel-windows-x86_64 | 0.2.8 | 3.00 | 82.00 | 85.00 | NOTE |
Version: 0.2.8
Check: LazyData
Result: NOTE
'LazyData' is specified without a 'data' directory
Flavors: r-patched-linux-x86_64, r-release-linux-x86_64, r-release-macos-arm64, r-release-macos-x86_64, r-release-windows-x86_64, r-oldrel-macos-arm64, r-oldrel-macos-x86_64, r-oldrel-windows-x86_64