Last updated on 2025-11-16 04:48:27 CET.
| Flavor | Version | Tinstall | Tcheck | Ttotal | Status | Flags |
|---|---|---|---|---|---|---|
| r-devel-linux-x86_64-debian-clang | 1.0.12 | 5.97 | 70.05 | 76.02 | OK | |
| r-devel-linux-x86_64-debian-gcc | 1.0.12 | 6.01 | 54.92 | 60.93 | OK | |
| r-devel-linux-x86_64-fedora-clang | 1.0.12 | 34.00 | 91.02 | 125.02 | OK | |
| r-devel-linux-x86_64-fedora-gcc | 1.0.12 | 15.00 | 98.04 | 113.04 | OK | |
| r-devel-windows-x86_64 | 1.0.12 | 10.00 | 166.00 | 176.00 | OK | |
| r-patched-linux-x86_64 | 1.0.12 | 6.80 | 66.16 | 72.96 | OK | |
| r-release-linux-x86_64 | 1.0.12 | 7.06 | 67.10 | 74.16 | OK | |
| r-release-macos-arm64 | 1.0.12 | 4.00 | 41.00 | 45.00 | OK | |
| r-release-macos-x86_64 | 1.0.12 | 6.00 | 54.00 | 60.00 | OK | |
| r-release-windows-x86_64 | 1.0.12 | 10.00 | 150.00 | 160.00 | OK | |
| r-oldrel-macos-arm64 | 1.0.12 | 3.00 | 29.00 | 32.00 | NOTE | |
| r-oldrel-macos-x86_64 | 1.0.12 | 5.00 | 46.00 | 51.00 | NOTE | |
| r-oldrel-windows-x86_64 | 1.0.12 | 11.00 | 150.00 | 161.00 | NOTE |
Version: 1.0.12
Check: LazyData
Result: NOTE
'LazyData' is specified without a 'data' directory
Flavors: r-oldrel-macos-arm64, r-oldrel-macos-x86_64, r-oldrel-windows-x86_64