CRAN Package Check Results for Package aweek

Last updated on 2025-11-16 04:48:27 CET.

Flavor Version Tinstall Tcheck Ttotal Status Flags
r-devel-linux-x86_64-debian-clang 1.0.3 1.78 30.20 31.98 OK
r-devel-linux-x86_64-debian-gcc 1.0.3 1.61 25.10 26.71 NOTE
r-devel-linux-x86_64-fedora-clang 1.0.3 11.00 41.09 52.09 OK
r-devel-linux-x86_64-fedora-gcc 1.0.3 61.94 OK
r-devel-windows-x86_64 1.0.3 4.00 51.00 55.00 OK
r-patched-linux-x86_64 1.0.3 1.87 28.86 30.73 OK
r-release-linux-x86_64 1.0.3 1.76 28.44 30.20 OK
r-release-macos-arm64 1.0.3 1.00 30.00 31.00 OK
r-release-macos-x86_64 1.0.3 2.00 47.00 49.00 OK
r-release-windows-x86_64 1.0.3 3.00 51.00 54.00 OK
r-oldrel-macos-arm64 1.0.3 1.00 31.00 32.00 OK
r-oldrel-macos-x86_64 1.0.3 2.00 52.00 54.00 OK
r-oldrel-windows-x86_64 1.0.3 4.00 53.00 57.00 OK

Check Details

Version: 1.0.3
Check: CRAN incoming feasibility
Result: NOTE Maintainer: ‘Zhian N. Kamvar <zkamvar@gmail.com>’ The BugReports field in DESCRIPTION has https://github.com/reconhub/aweek/issues/ which should likely be https://github.com/reconhub/aweek/issues/issues instead. Flavor: r-devel-linux-x86_64-debian-gcc