Last updated on 2024-08-25 05:49:15 CEST.
Flavor | Version | Tinstall | Tcheck | Ttotal | Status | Flags |
---|---|---|---|---|---|---|
r-devel-linux-x86_64-debian-clang | 0.0.2 | 6.09 | 29.24 | 35.33 | OK | |
r-devel-linux-x86_64-debian-gcc | 0.0.2 | 4.18 | 22.71 | 26.89 | OK | |
r-devel-linux-x86_64-fedora-clang | 0.0.2 | 57.30 | NOTE | |||
r-devel-linux-x86_64-fedora-gcc | 0.0.2 | 56.97 | NOTE | |||
r-devel-windows-x86_64 | 0.0.2 | 7.00 | 52.00 | 59.00 | OK | |
r-patched-linux-x86_64 | 0.0.2 | 6.08 | 28.13 | 34.21 | OK | |
r-release-linux-x86_64 | 0.0.2 | 6.18 | 28.21 | 34.39 | OK | |
r-release-macos-arm64 | 0.0.2 | 23.00 | OK | |||
r-release-macos-x86_64 | 0.0.2 | 32.00 | OK | |||
r-release-windows-x86_64 | 0.0.2 | 8.00 | 50.00 | 58.00 | OK | |
r-oldrel-macos-arm64 | 0.0.2 | 26.00 | OK | |||
r-oldrel-macos-x86_64 | 0.0.2 | 38.00 | OK | |||
r-oldrel-windows-x86_64 | 0.0.2 | 9.00 | 52.00 | 61.00 | OK |
Version: 0.0.2
Check: data for non-ASCII characters
Result: NOTE
Note: found 135648 marked UTF-8 strings
Flavors: r-devel-linux-x86_64-fedora-clang, r-devel-linux-x86_64-fedora-gcc