Last updated on 2025-11-16 04:48:27 CET.
| Flavor | Version | Tinstall | Tcheck | Ttotal | Status | Flags |
|---|---|---|---|---|---|---|
| r-devel-linux-x86_64-debian-clang | 0.2.1 | 8.87 | 71.98 | 80.85 | NOTE | |
| r-devel-linux-x86_64-debian-gcc | 0.2.1 | 6.99 | 57.86 | 64.85 | NOTE | |
| r-devel-linux-x86_64-fedora-clang | 0.2.1 | 23.00 | 99.45 | 122.45 | NOTE | |
| r-devel-linux-x86_64-fedora-gcc | 0.2.1 | 20.00 | 118.25 | 138.25 | NOTE | |
| r-devel-windows-x86_64 | 0.2.1 | 14.00 | 81.00 | 95.00 | NOTE | |
| r-patched-linux-x86_64 | 0.2.1 | 8.76 | 69.46 | 78.22 | NOTE | |
| r-release-linux-x86_64 | 0.2.1 | 9.06 | 69.38 | 78.44 | NOTE | |
| r-release-macos-arm64 | 0.2.1 | 7.00 | 76.00 | 83.00 | NOTE | |
| r-release-macos-x86_64 | 0.2.1 | 9.00 | 90.00 | 99.00 | NOTE | |
| r-release-windows-x86_64 | 0.2.1 | 11.00 | 83.00 | 94.00 | NOTE | |
| r-oldrel-macos-arm64 | 0.2.1 | 5.00 | 46.00 | 51.00 | OK | |
| r-oldrel-macos-x86_64 | 0.2.1 | 9.00 | 88.00 | 97.00 | OK | |
| r-oldrel-windows-x86_64 | 0.2.1 | 15.00 | 101.00 | 116.00 | OK |
Version: 0.2.1
Check: DESCRIPTION meta-information
Result: NOTE
Missing dependency on R >= 4.2.0 because package code uses the pipe
placeholder syntax added in R 4.2.0.
File(s) using such syntax:
‘dexpfit.R’ ‘expfit.R’ ‘icarfit.R’ ‘logisticfit.R’
Flavors: r-devel-linux-x86_64-debian-clang, r-devel-linux-x86_64-debian-gcc, r-devel-linux-x86_64-fedora-clang, r-devel-linux-x86_64-fedora-gcc, r-devel-windows-x86_64, r-patched-linux-x86_64, r-release-linux-x86_64, r-release-macos-arm64, r-release-macos-x86_64, r-release-windows-x86_64