Last updated on 2025-11-16 04:48:27 CET.
| Flavor | Version | Tinstall | Tcheck | Ttotal | Status | Flags |
|---|---|---|---|---|---|---|
| r-devel-linux-x86_64-debian-clang | 1.3-7 | 7.87 | 52.33 | 60.20 | OK | |
| r-devel-linux-x86_64-debian-gcc | 1.3-7 | 5.22 | 38.32 | 43.54 | NOTE | |
| r-devel-linux-x86_64-fedora-clang | 1.3-7 | 20.00 | 69.19 | 89.19 | OK | |
| r-devel-linux-x86_64-fedora-gcc | 1.3-7 | 16.00 | 68.46 | 84.46 | OK | |
| r-devel-windows-x86_64 | 1.3-7 | 13.00 | 74.00 | 87.00 | OK | |
| r-patched-linux-x86_64 | 1.3-7 | 7.47 | 47.67 | 55.14 | OK | |
| r-release-linux-x86_64 | 1.3-7 | 6.53 | 48.59 | 55.12 | OK | |
| r-release-macos-arm64 | 1.3-7 | 10.00 | 52.00 | 62.00 | OK | |
| r-release-macos-x86_64 | 1.3-7 | 19.00 | 79.00 | 98.00 | OK | |
| r-release-windows-x86_64 | 1.3-7 | 11.00 | 73.00 | 84.00 | OK | |
| r-oldrel-macos-arm64 | 1.3-7 | 7.00 | 47.00 | 54.00 | OK | |
| r-oldrel-macos-x86_64 | 1.3-7 | 14.00 | 44.00 | 58.00 | OK | |
| r-oldrel-windows-x86_64 | 1.3-7 | 12.00 | 89.00 | 101.00 | OK |
Version: 1.3-7
Check: CRAN incoming feasibility
Result: NOTE
Maintainer: ‘Kristian Hovde Liland <kristian.liland@nmbu.no>’
The BugReports field in DESCRIPTION has
https://github.com/khliland/baseline/issues/
which should likely be
https://github.com/khliland/baseline/issues/issues
instead.
Flavor: r-devel-linux-x86_64-debian-gcc