Last updated on 2025-11-16 04:48:27 CET.
| Flavor | Version | Tinstall | Tcheck | Ttotal | Status | Flags |
|---|---|---|---|---|---|---|
| r-devel-linux-x86_64-debian-clang | 0.9.18 | 13.66 | 129.81 | 143.47 | OK | |
| r-devel-linux-x86_64-debian-gcc | 0.9.18 | 8.12 | 96.34 | 104.46 | OK | |
| r-devel-linux-x86_64-fedora-clang | 0.9.18 | 30.00 | 199.33 | 229.33 | OK | |
| r-devel-linux-x86_64-fedora-gcc | 0.9.18 | 25.00 | 207.49 | 232.49 | OK | |
| r-devel-windows-x86_64 | 0.9.18 | 22.00 | 180.00 | 202.00 | OK | |
| r-patched-linux-x86_64 | 0.9.18 | 14.56 | 122.28 | 136.84 | OK | |
| r-release-linux-x86_64 | 0.9.18 | 12.31 | 124.00 | 136.31 | OK | |
| r-release-macos-arm64 | 0.9.18 | 6.00 | 77.00 | 83.00 | OK | |
| r-release-macos-x86_64 | 0.9.18 | 17.00 | 223.00 | 240.00 | OK | |
| r-release-windows-x86_64 | 0.9.18 | 16.00 | 172.00 | 188.00 | OK | |
| r-oldrel-macos-arm64 | 0.9.18 | 10.00 | 118.00 | 128.00 | NOTE | |
| r-oldrel-macos-x86_64 | 0.9.18 | 11.00 | 161.00 | 172.00 | NOTE | |
| r-oldrel-windows-x86_64 | 0.9.18 | 22.00 | 206.00 | 228.00 | OK |
Version: 0.9.18
Check: package dependencies
Result: NOTE
Package suggested but not available for checking: ‘doMPI’
Flavors: r-oldrel-macos-arm64, r-oldrel-macos-x86_64
Version: 0.9.18
Check: Rd cross-references
Result: NOTE
Package unavailable to check Rd xrefs: ‘Rmpi’
Flavors: r-oldrel-macos-arm64, r-oldrel-macos-x86_64