Last updated on 2024-05-13 05:52:25 CEST.
Flavor | Version | Tinstall | Tcheck | Ttotal | Status | Flags |
---|---|---|---|---|---|---|
r-devel-linux-x86_64-debian-clang | 1.3.6 | 64.10 | 187.75 | 251.85 | NOTE | |
r-devel-linux-x86_64-debian-gcc | 1.3.6 | 50.99 | 138.15 | 189.14 | NOTE | |
r-devel-linux-x86_64-fedora-clang | 1.3.6 | 332.04 | NOTE | |||
r-devel-linux-x86_64-fedora-gcc | 1.3.6 | 408.92 | NOTE | |||
r-devel-windows-x86_64 | 1.3.6 | 52.00 | 153.00 | 205.00 | NOTE | |
r-patched-linux-x86_64 | 1.3.6 | 63.54 | 173.94 | 237.48 | NOTE | |
r-release-linux-x86_64 | 1.3.6 | 61.36 | 180.34 | 241.70 | NOTE | |
r-release-macos-arm64 | 1.3.6 | 84.00 | NOTE | |||
r-release-windows-x86_64 | 1.3.6 | 50.00 | 155.00 | 205.00 | NOTE | |
r-oldrel-macos-arm64 | 1.3.6 | 95.00 | NOTE | |||
r-oldrel-macos-x86_64 | 1.3.6 | 150.00 | NOTE | |||
r-oldrel-windows-x86_64 | 1.3.6 | 66.00 | 205.00 | 271.00 | OK |
Version: 1.3.6
Check: Rd files
Result: NOTE
checkRd: (-1) bdpbinomial.Rd:110-111: Lost braces in \itemize; \value handles \item{}{} directly
checkRd: (-1) bdpbinomial.Rd:112-114: Lost braces in \itemize; \value handles \item{}{} directly
checkRd: (-1) bdpbinomial.Rd:115-119: Lost braces in \itemize; \value handles \item{}{} directly
checkRd: (-1) bdpbinomial.Rd:120-124: Lost braces in \itemize; \value handles \item{}{} directly
checkRd: (-1) bdpbinomial.Rd:125-128: Lost braces in \itemize; \value handles \item{}{} directly
checkRd: (-1) bdpbinomial.Rd:137-138: Lost braces in \itemize; \value handles \item{}{} directly
checkRd: (-1) bdpbinomial.Rd:139-141: Lost braces in \itemize; \value handles \item{}{} directly
checkRd: (-1) bdpbinomial.Rd:148-150: Lost braces in \itemize; \value handles \item{}{} directly
checkRd: (-1) bdpbinomial.Rd:151-153: Lost braces in \itemize; \value handles \item{}{} directly
checkRd: (-1) bdpnormal.Rd:118-119: Lost braces in \itemize; \value handles \item{}{} directly
checkRd: (-1) bdpnormal.Rd:120-122: Lost braces in \itemize; \value handles \item{}{} directly
checkRd: (-1) bdpnormal.Rd:123-126: Lost braces in \itemize; \value handles \item{}{} directly
checkRd: (-1) bdpnormal.Rd:127-130: Lost braces in \itemize; \value handles \item{}{} directly
checkRd: (-1) bdpnormal.Rd:131-135: Lost braces in \itemize; \value handles \item{}{} directly
checkRd: (-1) bdpnormal.Rd:136-140: Lost braces in \itemize; \value handles \item{}{} directly
checkRd: (-1) bdpnormal.Rd:141-144: Lost braces in \itemize; \value handles \item{}{} directly
checkRd: (-1) bdpnormal.Rd:145-148: Lost braces in \itemize; \value handles \item{}{} directly
checkRd: (-1) bdpnormal.Rd:158-159: Lost braces in \itemize; \value handles \item{}{} directly
checkRd: (-1) bdpnormal.Rd:160-162: Lost braces in \itemize; \value handles \item{}{} directly
checkRd: (-1) bdpnormal.Rd:169-171: Lost braces in \itemize; \value handles \item{}{} directly
checkRd: (-1) bdpnormal.Rd:172-174: Lost braces in \itemize; \value handles \item{}{} directly
checkRd: (-1) bdpsurvival.Rd:110-111: Lost braces in \itemize; \value handles \item{}{} directly
checkRd: (-1) bdpsurvival.Rd:112-114: Lost braces in \itemize; \value handles \item{}{} directly
checkRd: (-1) bdpsurvival.Rd:115-118: Lost braces in \itemize; \value handles \item{}{} directly
checkRd: (-1) bdpsurvival.Rd:119-122: Lost braces in \itemize; \value handles \item{}{} directly
checkRd: (-1) bdpsurvival.Rd:123-126: Lost braces in \itemize; \value handles \item{}{} directly
checkRd: (-1) bdpsurvival.Rd:127-130: Lost braces in \itemize; \value handles \item{}{} directly
checkRd: (-1) bdpsurvival.Rd:131-134: Lost braces in \itemize; \value handles \item{}{} directly
checkRd: (-1) bdpsurvival.Rd:135-138: Lost braces in \itemize; \value handles \item{}{} directly
checkRd: (-1) bdpsurvival.Rd:147-148: Lost braces in \itemize; \value handles \item{}{} directly
checkRd: (-1) bdpsurvival.Rd:149-150: Lost braces in \itemize; \value handles \item{}{} directly
checkRd: (-1) bdpsurvival.Rd:157-159: Lost braces in \itemize; \value handles \item{}{} directly
checkRd: (-1) bdpsurvival.Rd:160-161: Lost braces in \itemize; \value handles \item{}{} directly
Flavors: r-devel-linux-x86_64-debian-clang, r-devel-linux-x86_64-debian-gcc, r-devel-linux-x86_64-fedora-clang, r-devel-linux-x86_64-fedora-gcc, r-devel-windows-x86_64, r-patched-linux-x86_64, r-release-linux-x86_64, r-release-macos-arm64, r-release-windows-x86_64
Version: 1.3.6
Check: installed package size
Result: NOTE
installed size is 5.3Mb
sub-directories of 1Mb or more:
doc 2.2Mb
libs 2.4Mb
Flavors: r-release-macos-arm64, r-oldrel-macos-arm64, r-oldrel-macos-x86_64