Last updated on 2025-10-25 05:49:56 CEST.
| Flavor | Version | Tinstall | Tcheck | Ttotal | Status | Flags |
|---|---|---|---|---|---|---|
| r-devel-linux-x86_64-debian-clang | 0.2.2 | 40.34 | 59.43 | 99.77 | OK | |
| r-devel-linux-x86_64-debian-gcc | 0.2.2 | 23.36 | 41.75 | 65.11 | OK | |
| r-devel-linux-x86_64-fedora-clang | 0.2.2 | 104.00 | 70.78 | 174.78 | OK | |
| r-devel-linux-x86_64-fedora-gcc | 0.2.2 | 80.00 | 71.25 | 151.25 | OK | |
| r-devel-windows-x86_64 | 0.2.2 | 50.00 | 90.00 | 140.00 | OK | |
| r-patched-linux-x86_64 | 0.2.2 | 40.10 | 54.17 | 94.27 | OK | |
| r-release-linux-x86_64 | 0.2.2 | 37.38 | 54.99 | 92.37 | OK | |
| r-release-macos-arm64 | 0.2.2 | 16.00 | 32.00 | 48.00 | OK | |
| r-release-macos-x86_64 | 0.2.2 | 25.00 | 66.00 | 91.00 | OK | |
| r-release-windows-x86_64 | 0.2.2 | 54.00 | 92.00 | 146.00 | OK | |
| r-oldrel-macos-arm64 | 0.2.2 | 14.00 | 35.00 | 49.00 | NOTE | |
| r-oldrel-macos-x86_64 | 0.2.2 | 26.00 | 107.00 | 133.00 | NOTE | |
| r-oldrel-windows-x86_64 | 0.2.2 | 60.00 | 114.00 | 174.00 | NOTE |
Version: 0.2.2
Check: installed package size
Result: NOTE
installed size is 6.4Mb
sub-directories of 1Mb or more:
extdata 4.1Mb
libs 2.2Mb
Flavors: r-oldrel-macos-arm64, r-oldrel-macos-x86_64, r-oldrel-windows-x86_64