Last updated on 2024-08-25 05:49:15 CEST.
Flavor | Version | Tinstall | Tcheck | Ttotal | Status | Flags |
---|---|---|---|---|---|---|
r-devel-linux-x86_64-debian-clang | 3.7 | 116.61 | 101.76 | 218.37 | OK | |
r-devel-linux-x86_64-debian-gcc | 3.7 | 80.85 | 69.11 | 149.96 | OK | |
r-devel-linux-x86_64-fedora-clang | 3.7 | 486.04 | NOTE | |||
r-devel-linux-x86_64-fedora-gcc | 3.7 | 410.68 | OK | |||
r-devel-windows-x86_64 | 3.7 | 147.00 | 141.00 | 288.00 | OK | |
r-patched-linux-x86_64 | 3.7 | 124.13 | 95.65 | 219.78 | OK | |
r-release-linux-x86_64 | 3.7 | 120.25 | 95.53 | 215.78 | OK | |
r-release-macos-arm64 | 3.7 | 89.00 | NOTE | |||
r-release-macos-x86_64 | 3.7 | 117.00 | NOTE | |||
r-release-windows-x86_64 | 3.7 | 149.00 | 142.00 | 291.00 | OK | |
r-oldrel-macos-arm64 | 3.7 | 99.00 | NOTE | |||
r-oldrel-macos-x86_64 | 3.7 | 139.00 | NOTE | |||
r-oldrel-windows-x86_64 | 3.7 | 167.00 | 171.00 | 338.00 | OK |
Version: 3.7
Check: Rd cross-references
Result: NOTE
Undeclared package ‘mvtnorm’ in Rd xrefs
Flavor: r-devel-linux-x86_64-fedora-clang
Version: 3.7
Check: installed package size
Result: NOTE
installed size is 5.9Mb
sub-directories of 1Mb or more:
libs 4.7Mb
Flavors: r-release-macos-arm64, r-release-macos-x86_64, r-oldrel-macos-arm64, r-oldrel-macos-x86_64