Last updated on 2025-02-22 04:51:06 CET.
Flavor | Version | Tinstall | Tcheck | Ttotal | Status | Flags |
---|---|---|---|---|---|---|
r-devel-linux-x86_64-debian-clang | 3.8 | 121.71 | 101.08 | 222.79 | OK | |
r-devel-linux-x86_64-debian-gcc | 3.8 | 84.67 | 68.99 | 153.66 | OK | |
r-devel-linux-x86_64-fedora-clang | 3.8 | 489.50 | OK | |||
r-devel-linux-x86_64-fedora-gcc | 3.8 | 390.43 | OK | |||
r-devel-macos-arm64 | 3.8 | 92.00 | OK | |||
r-devel-macos-x86_64 | 3.8 | 138.00 | OK | |||
r-devel-windows-x86_64 | 3.8 | 148.00 | 145.00 | 293.00 | OK | |
r-patched-linux-x86_64 | 3.8 | 123.71 | 97.68 | 221.39 | OK | |
r-release-linux-x86_64 | 3.8 | 117.31 | 97.25 | 214.56 | OK | |
r-release-macos-arm64 | 3.8 | 84.00 | NOTE | |||
r-release-macos-x86_64 | 3.8 | 121.00 | NOTE | |||
r-release-windows-x86_64 | 3.8 | 151.00 | 141.00 | 292.00 | OK | |
r-oldrel-macos-arm64 | 3.8 | 89.00 | NOTE | |||
r-oldrel-macos-x86_64 | 3.8 | 125.00 | NOTE | |||
r-oldrel-windows-x86_64 | 3.8 | 121.00 | 167.00 | 288.00 | OK |
Version: 3.8
Check: installed package size
Result: NOTE
installed size is 5.9Mb
sub-directories of 1Mb or more:
libs 4.7Mb
Flavors: r-release-macos-arm64, r-release-macos-x86_64, r-oldrel-macos-arm64, r-oldrel-macos-x86_64