Last updated on 2024-08-25 05:49:16 CEST.
Flavor | Version | Tinstall | Tcheck | Ttotal | Status | Flags |
---|---|---|---|---|---|---|
r-devel-linux-x86_64-debian-clang | 1.0.6 | 6.82 | 54.60 | 61.42 | OK | |
r-devel-linux-x86_64-debian-gcc | 1.0.6 | 4.72 | 40.16 | 44.88 | OK | |
r-devel-linux-x86_64-fedora-clang | 1.0.6 | 98.94 | NOTE | |||
r-devel-linux-x86_64-fedora-gcc | 1.0.6 | 93.67 | NOTE | |||
r-devel-windows-x86_64 | 1.0.6 | 9.00 | 68.00 | 77.00 | OK | |
r-patched-linux-x86_64 | 1.0.6 | 7.38 | 51.35 | 58.73 | OK | |
r-release-linux-x86_64 | 1.0.6 | 6.57 | 51.58 | 58.15 | OK | |
r-release-macos-arm64 | 1.0.6 | 34.00 | OK | |||
r-release-macos-x86_64 | 1.0.6 | 54.00 | OK | |||
r-release-windows-x86_64 | 1.0.6 | 8.00 | 72.00 | 80.00 | OK | |
r-oldrel-macos-arm64 | 1.0.6 | 34.00 | OK | |||
r-oldrel-macos-x86_64 | 1.0.6 | 54.00 | OK | |||
r-oldrel-windows-x86_64 | 1.0.6 | 11.00 | 81.00 | 92.00 | OK |
Version: 1.0.6
Check: package dependencies
Result: NOTE
Imports includes 22 non-default packages.
Importing from so many packages makes the package vulnerable to any of
them becoming unavailable. Move as many as possible to Suggests and
use conditionally.
Flavor: r-devel-linux-x86_64-fedora-clang
Version: 1.0.6
Check: dependencies in R code
Result: NOTE
Namespaces in Imports field not imported from:
‘Rcpp’ ‘chron’ ‘colorspace’ ‘gtable’ ‘htmltools’ ‘htmlwidgets’
‘httpuv’ ‘magrittr’ ‘munsell’ ‘plyr’ ‘scales’ ‘stringi’ ‘xtable’
‘yaml’
All declared Imports should be used.
Flavors: r-devel-linux-x86_64-fedora-clang, r-devel-linux-x86_64-fedora-gcc