Last updated on 2025-11-16 04:48:27 CET.
| Flavor | Version | Tinstall | Tcheck | Ttotal | Status | Flags |
|---|---|---|---|---|---|---|
| r-devel-linux-x86_64-debian-clang | 0.3.2 | 3.17 | 38.19 | 41.36 | NOTE | |
| r-devel-linux-x86_64-debian-gcc | 0.3.2 | 2.21 | 29.68 | 31.89 | NOTE | |
| r-devel-linux-x86_64-fedora-clang | 0.3.2 | 15.00 | 48.52 | 63.52 | NOTE | |
| r-devel-linux-x86_64-fedora-gcc | 0.3.2 | 57.26 | NOTE | |||
| r-devel-windows-x86_64 | 0.3.2 | 5.00 | 59.00 | 64.00 | NOTE | |
| r-patched-linux-x86_64 | 0.3.2 | 3.71 | 34.44 | 38.15 | NOTE | |
| r-release-linux-x86_64 | 0.3.2 | 3.19 | 35.19 | 38.38 | NOTE | |
| r-release-macos-arm64 | 0.3.2 | 2.00 | 22.00 | 24.00 | NOTE | |
| r-release-macos-x86_64 | 0.3.2 | 4.00 | 48.00 | 52.00 | NOTE | |
| r-release-windows-x86_64 | 0.3.2 | 6.00 | 59.00 | 65.00 | NOTE | |
| r-oldrel-macos-arm64 | 0.3.2 | 2.00 | 25.00 | 27.00 | OK | |
| r-oldrel-macos-x86_64 | 0.3.2 | 3.00 | 33.00 | 36.00 | OK | |
| r-oldrel-windows-x86_64 | 0.3.2 | 9.00 | 67.00 | 76.00 | OK |
Version: 0.3.2
Check: DESCRIPTION meta-information
Result: NOTE
Missing dependency on R >= 4.2.0 because package code uses the pipe
placeholder syntax added in R 4.2.0.
File(s) using such syntax:
‘fitting.R’
Flavors: r-devel-linux-x86_64-debian-clang, r-devel-linux-x86_64-debian-gcc, r-devel-linux-x86_64-fedora-clang, r-devel-linux-x86_64-fedora-gcc, r-devel-windows-x86_64, r-patched-linux-x86_64, r-release-linux-x86_64, r-release-macos-arm64, r-release-windows-x86_64
Version: 0.3.2
Check: DESCRIPTION meta-information
Result: NOTE
Missing dependency on R >= 4.1.0 because package code uses the pipe
|> or function shorthand \(...) syntax added in R 4.1.0.
File(s) using such syntax:
‘fitting.R’ ‘fivetrial.R’ ‘mcq.R’ ‘utils.R’
Flavor: r-release-macos-x86_64