CRAN Package Check Results for Package bfw

Last updated on 2025-11-16 04:48:27 CET.

Flavor Version Tinstall Tcheck Ttotal Status Flags
r-devel-linux-x86_64-debian-clang 0.4.2 6.68 58.35 65.03 OK
r-devel-linux-x86_64-debian-gcc 0.4.2 5.28 44.77 50.05 NOTE
r-devel-linux-x86_64-fedora-clang 0.4.2 31.00 74.09 105.09 OK
r-devel-linux-x86_64-fedora-gcc 0.4.2 25.00 94.83 119.83 OK
r-devel-windows-x86_64 0.4.2 11.00 79.00 90.00 OK
r-patched-linux-x86_64 0.4.2 7.64 55.09 62.73 OK
r-release-linux-x86_64 0.4.2 6.05 55.13 61.18 OK
r-release-macos-arm64 0.4.2 4.00 53.00 57.00 OK
r-release-macos-x86_64 0.4.2 5.00 75.00 80.00 OK
r-release-windows-x86_64 0.4.2 11.00 79.00 90.00 OK
r-oldrel-macos-arm64 0.4.2 3.00 38.00 41.00 OK
r-oldrel-macos-x86_64 0.4.2 5.00 51.00 56.00 OK
r-oldrel-windows-x86_64 0.4.2 13.00 94.00 107.00 OK

Check Details

Version: 0.4.2
Check: CRAN incoming feasibility
Result: NOTE Maintainer: ‘Øystein Olav Skaar <bayesianfw@gmail.com>’ The BugReports field in DESCRIPTION has https://github.com/oeysan/bfw/issues/ which should likely be https://github.com/oeysan/bfw/issues/issues instead. Flavor: r-devel-linux-x86_64-debian-gcc