Last updated on 2025-11-16 04:48:27 CET.
| Flavor | Version | Tinstall | Tcheck | Ttotal | Status | Flags |
|---|---|---|---|---|---|---|
| r-devel-linux-x86_64-debian-clang | 1.1.2.0 | 5.01 | 49.36 | 54.37 | OK | |
| r-devel-linux-x86_64-debian-gcc | 1.1.2.0 | 3.69 | 36.22 | 39.91 | NOTE | |
| r-devel-linux-x86_64-fedora-clang | 1.1.2.0 | 19.00 | 67.37 | 86.37 | OK | |
| r-devel-linux-x86_64-fedora-gcc | 1.1.2.0 | 91.64 | OK | |||
| r-devel-windows-x86_64 | 1.1.2.0 | 8.00 | 60.00 | 68.00 | OK | |
| r-patched-linux-x86_64 | 1.1.2.0 | 4.46 | 45.51 | 49.97 | OK | |
| r-release-linux-x86_64 | 1.1.2.0 | 4.27 | 45.68 | 49.95 | OK | |
| r-release-macos-arm64 | 1.1.2.0 | 3.00 | 52.00 | 55.00 | OK | |
| r-release-macos-x86_64 | 1.1.2.0 | 4.00 | 69.00 | 73.00 | OK | |
| r-release-windows-x86_64 | 1.1.2.0 | 8.00 | 59.00 | 67.00 | OK | |
| r-oldrel-macos-arm64 | 1.1.2.0 | 3.00 | 32.00 | 35.00 | OK | |
| r-oldrel-macos-x86_64 | 1.1.2.0 | 4.00 | 57.00 | 61.00 | OK | |
| r-oldrel-windows-x86_64 | 1.1.2.0 | 9.00 | 73.00 | 82.00 | OK |
Version: 1.1.2.0
Check: CRAN incoming feasibility
Result: NOTE
Maintainer: ‘Gianluca Baio <g.baio@ucl.ac.uk>’
The BugReports field in DESCRIPTION has
https://github.com/ropensci/bib2df/issues/
which should likely be
https://github.com/ropensci/bib2df/issues/issues
instead.
Flavor: r-devel-linux-x86_64-debian-gcc