Last updated on 2025-11-16 04:48:27 CET.
| Flavor | Version | Tinstall | Tcheck | Ttotal | Status | Flags |
|---|---|---|---|---|---|---|
| r-devel-linux-x86_64-debian-clang | 1.12.21 | 155.17 | 392.76 | 547.93 | OK | |
| r-devel-linux-x86_64-debian-gcc | 1.12.21 | 109.35 | 287.84 | 397.19 | OK | |
| r-devel-linux-x86_64-fedora-clang | 1.12.21 | 590.00 | 390.11 | 980.11 | OK | |
| r-devel-linux-x86_64-fedora-gcc | 1.12.21 | 289.00 | 600.18 | 889.18 | OK | |
| r-devel-windows-x86_64 | 1.12.21 | 292.00 | 380.00 | 672.00 | OK | |
| r-patched-linux-x86_64 | 1.12.21 | 165.07 | 387.25 | 552.32 | OK | |
| r-release-linux-x86_64 | 1.12.21 | 158.42 | 388.88 | 547.30 | OK | |
| r-release-macos-arm64 | 1.12.21 | 48.00 | 146.00 | 194.00 | OK | |
| r-release-macos-x86_64 | 1.12.21 | 55.00 | 480.00 | 535.00 | OK | |
| r-release-windows-x86_64 | 1.12.21 | 264.00 | 389.00 | 653.00 | OK | |
| r-oldrel-macos-arm64 | 1.12.21 | 51.00 | 162.00 | 213.00 | NOTE | |
| r-oldrel-macos-x86_64 | 1.12.21 | 56.00 | 513.00 | 569.00 | NOTE | |
| r-oldrel-windows-x86_64 | 1.12.21 | 305.00 | 541.00 | 846.00 | OK |
Version: 1.12.21
Check: installed package size
Result: NOTE
installed size is 9.9Mb
sub-directories of 1Mb or more:
libs 8.4Mb
Flavors: r-oldrel-macos-arm64, r-oldrel-macos-x86_64