Last updated on 2025-11-16 04:48:27 CET.
| Flavor | Version | Tinstall | Tcheck | Ttotal | Status | Flags |
|---|---|---|---|---|---|---|
| r-devel-linux-x86_64-debian-clang | 1.6.2 | 135.05 | 238.91 | 373.96 | OK | |
| r-devel-linux-x86_64-debian-gcc | 1.6.2 | 96.54 | 165.91 | 262.45 | OK | |
| r-devel-linux-x86_64-fedora-clang | 1.6.2 | 382.00 | 312.64 | 694.64 | OK | |
| r-devel-linux-x86_64-fedora-gcc | 1.6.2 | 160.00 | 458.28 | 618.28 | OK | |
| r-devel-windows-x86_64 | 1.6.2 | 243.00 | 261.00 | 504.00 | OK | |
| r-patched-linux-x86_64 | 1.6.2 | 144.78 | 233.77 | 378.55 | OK | |
| r-release-linux-x86_64 | 1.6.2 | 143.98 | 230.76 | 374.74 | OK | |
| r-release-macos-arm64 | 1.6.2 | 50.00 | 88.00 | 138.00 | OK | |
| r-release-macos-x86_64 | 1.6.2 | 53.00 | 241.00 | 294.00 | OK | |
| r-release-windows-x86_64 | 1.6.2 | 222.00 | 265.00 | 487.00 | OK | |
| r-oldrel-macos-arm64 | 1.6.2 | 48.00 | 92.00 | 140.00 | NOTE | |
| r-oldrel-macos-x86_64 | 1.6.2 | 53.00 | 236.00 | 289.00 | NOTE | |
| r-oldrel-windows-x86_64 | 1.6.2 | 257.00 | 358.00 | 615.00 | OK |
Version: 1.6.2
Check: installed package size
Result: NOTE
installed size is 13.6Mb
sub-directories of 1Mb or more:
extdata 2.3Mb
libs 10.6Mb
Flavors: r-oldrel-macos-arm64, r-oldrel-macos-x86_64