Last updated on 2024-08-25 05:49:16 CEST.
Flavor | Version | Tinstall | Tcheck | Ttotal | Status | Flags |
---|---|---|---|---|---|---|
r-devel-linux-x86_64-debian-clang | 1.3.1 | 70.39 | 141.76 | 212.15 | OK | |
r-devel-linux-x86_64-debian-gcc | 1.3.1 | 40.69 | 91.50 | 132.19 | OK | |
r-devel-linux-x86_64-fedora-clang | 1.3.1 | 356.52 | OK | |||
r-devel-linux-x86_64-fedora-gcc | 1.3.1 | 354.44 | OK | |||
r-devel-windows-x86_64 | 1.3.1 | 68.00 | 165.00 | 233.00 | OK | |
r-patched-linux-x86_64 | 1.3.1 | 60.87 | 133.66 | 194.53 | OK | |
r-release-linux-x86_64 | 1.3.1 | 63.11 | 134.31 | 197.42 | OK | |
r-release-macos-arm64 | 1.3.1 | 87.00 | NOTE | |||
r-release-macos-x86_64 | 1.3.1 | 135.00 | NOTE | |||
r-release-windows-x86_64 | 1.3.1 | 66.00 | 167.00 | 233.00 | OK | |
r-oldrel-macos-arm64 | 1.3.1 | 86.00 | NOTE | |||
r-oldrel-macos-x86_64 | 1.3.1 | 241.00 | NOTE | |||
r-oldrel-windows-x86_64 | 1.3.1 | 85.00 | 210.00 | 295.00 | OK |
Version: 1.3.1
Check: installed package size
Result: NOTE
installed size is 5.7Mb
sub-directories of 1Mb or more:
libs 4.6Mb
Flavors: r-release-macos-arm64, r-release-macos-x86_64, r-oldrel-macos-arm64, r-oldrel-macos-x86_64