Last updated on 2025-11-16 04:48:27 CET.
| Flavor | Version | Tinstall | Tcheck | Ttotal | Status | Flags |
|---|---|---|---|---|---|---|
| r-devel-linux-x86_64-debian-clang | 3.7.1 | 21.99 | 259.85 | 281.84 | OK | |
| r-devel-linux-x86_64-debian-gcc | 3.7.1 | 14.81 | 182.40 | 197.21 | NOTE | |
| r-devel-linux-x86_64-fedora-clang | 3.7.1 | 90.00 | 368.48 | 458.48 | OK | |
| r-devel-linux-x86_64-fedora-gcc | 3.7.1 | 44.00 | 380.58 | 424.58 | OK | |
| r-devel-windows-x86_64 | 3.7.1 | 25.00 | 238.00 | 263.00 | OK | |
| r-patched-linux-x86_64 | 3.7.1 | 21.12 | 242.21 | 263.33 | OK | |
| r-release-linux-x86_64 | 3.7.1 | 22.59 | 242.60 | 265.19 | OK | |
| r-release-macos-arm64 | 3.7.1 | 9.00 | 109.00 | 118.00 | OK | |
| r-release-macos-x86_64 | 3.7.1 | 29.00 | 355.00 | 384.00 | OK | |
| r-release-windows-x86_64 | 3.7.1 | 23.00 | 235.00 | 258.00 | OK | |
| r-oldrel-macos-arm64 | 3.7.1 | 8.00 | 115.00 | 123.00 | OK | |
| r-oldrel-macos-x86_64 | 3.7.1 | 39.00 | 350.00 | 389.00 | OK | |
| r-oldrel-windows-x86_64 | 3.7.1 | 36.00 | 309.00 | 345.00 | OK |
Version: 3.7.1
Check: CRAN incoming feasibility
Result: NOTE
Maintainer: ‘Anna Frances-Abellan <anna.frances@uab.cat>’
The BugReports field in DESCRIPTION has
https://github.com/biodosetools-team/biodosetools/issues/
which should likely be
https://github.com/biodosetools-team/biodosetools/issues/issues
instead.
Flavor: r-devel-linux-x86_64-debian-gcc