Last updated on 2025-11-16 04:48:27 CET.
| Flavor | Version | Tinstall | Tcheck | Ttotal | Status | Flags |
|---|---|---|---|---|---|---|
| r-devel-linux-x86_64-debian-clang | 1.3.3 | 9.06 | 301.52 | 310.58 | OK | |
| r-devel-linux-x86_64-debian-gcc | 1.3.3 | 6.17 | 251.59 | 257.76 | OK | |
| r-devel-linux-x86_64-fedora-clang | 1.3.3 | 56.00 | 469.60 | 525.60 | OK | |
| r-devel-linux-x86_64-fedora-gcc | 1.3.3 | 18.00 | 487.69 | 505.69 | OK | |
| r-devel-windows-x86_64 | 1.3.3 | 17.00 | 211.00 | 228.00 | OK | |
| r-patched-linux-x86_64 | 1.3.3 | 8.55 | 291.77 | 300.32 | OK | |
| r-release-linux-x86_64 | 1.3.3 | 9.02 | 359.70 | 368.72 | OK | |
| r-release-macos-arm64 | 1.3.3 | 6.00 | 124.00 | 130.00 | OK | |
| r-release-macos-x86_64 | 1.3.3 | 21.00 | 298.00 | 319.00 | OK | |
| r-release-windows-x86_64 | 1.3.3 | 15.00 | 208.00 | 223.00 | OK | |
| r-oldrel-macos-arm64 | 1.3.3 | 6.00 | 121.00 | 127.00 | NOTE | |
| r-oldrel-macos-x86_64 | 1.3.3 | 14.00 | 264.00 | 278.00 | NOTE | |
| r-oldrel-windows-x86_64 | 1.3.3 | 21.00 | 286.00 | 307.00 | NOTE |
Version: 1.3.3
Check: package dependencies
Result: NOTE
Package which this enhances but not available for checking: ‘asreml’
Flavors: r-oldrel-macos-arm64, r-oldrel-macos-x86_64, r-oldrel-windows-x86_64