Last updated on 2024-08-25 05:49:16 CEST.
Flavor | Version | Tinstall | Tcheck | Ttotal | Status | Flags |
---|---|---|---|---|---|---|
r-devel-linux-x86_64-debian-clang | 1.0 | 29.86 | 96.58 | 126.44 | OK | |
r-devel-linux-x86_64-debian-gcc | 1.0 | 22.86 | 71.62 | 94.48 | OK | |
r-devel-linux-x86_64-fedora-clang | 1.0 | 212.11 | NOTE | |||
r-devel-linux-x86_64-fedora-gcc | 1.0 | 232.27 | NOTE | |||
r-devel-windows-x86_64 | 1.0 | 35.00 | 124.00 | 159.00 | NOTE | |
r-patched-linux-x86_64 | 1.0 | 27.51 | 92.27 | 119.78 | OK | |
r-release-linux-x86_64 | 1.0 | 26.75 | 92.72 | 119.47 | OK | |
r-release-macos-arm64 | 1.0 | 64.00 | NOTE | |||
r-release-macos-x86_64 | 1.0 | 92.00 | NOTE | |||
r-release-windows-x86_64 | 1.0 | 36.00 | 125.00 | 161.00 | NOTE | |
r-oldrel-macos-arm64 | 1.0 | 73.00 | NOTE | |||
r-oldrel-macos-x86_64 | 1.0 | 118.00 | NOTE | |||
r-oldrel-windows-x86_64 | 1.0 | 44.00 | 154.00 | 198.00 | NOTE |
Version: 1.0
Check: installed package size
Result: NOTE
installed size is 5.7Mb
sub-directories of 1Mb or more:
extdata 4.8Mb
Flavors: r-devel-linux-x86_64-fedora-clang, r-devel-windows-x86_64, r-release-macos-arm64, r-release-macos-x86_64, r-release-windows-x86_64, r-oldrel-macos-arm64, r-oldrel-macos-x86_64, r-oldrel-windows-x86_64
Version: 1.0
Check: dependencies in R code
Result: NOTE
Namespace in Imports field not imported from: ‘Rcpp’
All declared Imports should be used.
Flavors: r-devel-linux-x86_64-fedora-clang, r-devel-linux-x86_64-fedora-gcc