Last updated on 2025-11-16 04:48:27 CET.
| Flavor | Version | Tinstall | Tcheck | Ttotal | Status | Flags |
|---|---|---|---|---|---|---|
| r-devel-linux-x86_64-debian-clang | 0.3 | 5.72 | 409.39 | 415.11 | NOTE | |
| r-devel-linux-x86_64-debian-gcc | 0.3 | 4.45 | 265.59 | 270.04 | NOTE | |
| r-devel-linux-x86_64-fedora-clang | 0.3 | 27.00 | 820.13 | 847.13 | OK | |
| r-devel-linux-x86_64-fedora-gcc | 0.3 | 10.00 | 709.60 | 719.60 | OK | |
| r-devel-windows-x86_64 | 0.3 | 10.00 | 463.00 | 473.00 | OK | |
| r-patched-linux-x86_64 | 0.3 | 5.35 | 407.51 | 412.86 | OK | |
| r-release-linux-x86_64 | 0.3 | 4.18 | 413.22 | 417.40 | OK | |
| r-release-macos-arm64 | 0.3 | 3.00 | 225.00 | 228.00 | OK | |
| r-release-macos-x86_64 | 0.3 | 4.00 | 446.00 | 450.00 | OK | |
| r-release-windows-x86_64 | 0.3 | 7.00 | 452.00 | 459.00 | OK | |
| r-oldrel-macos-arm64 | 0.3 | 3.00 | 181.00 | 184.00 | OK | |
| r-oldrel-macos-x86_64 | 0.3 | 4.00 | 307.00 | 311.00 | OK | |
| r-oldrel-windows-x86_64 | 0.3 | 11.00 | 580.00 | 591.00 | OK |
Version: 0.3
Check: CRAN incoming feasibility
Result: NOTE
Maintainer: ‘Michael Seo <swj8874@gmail.com>’
Package CITATION file contains call(s) to old-style citEntry(). Please
use bibentry() instead.
Flavors: r-devel-linux-x86_64-debian-clang, r-devel-linux-x86_64-debian-gcc