Last updated on 2025-11-16 04:48:27 CET.
| Flavor | Version | Tinstall | Tcheck | Ttotal | Status | Flags |
|---|---|---|---|---|---|---|
| r-devel-linux-x86_64-debian-clang | 1.1.3 | 182.69 | 165.33 | 348.02 | OK | |
| r-devel-linux-x86_64-debian-gcc | 1.1.3 | 144.15 | 132.71 | 276.86 | NOTE | |
| r-devel-linux-x86_64-fedora-clang | 1.1.3 | 780.00 | -200.15 | 579.85 | OK | |
| r-devel-linux-x86_64-fedora-gcc | 1.1.3 | 444.00 | 182.64 | 626.64 | OK | |
| r-devel-windows-x86_64 | 1.1.3 | 195.00 | 195.00 | 390.00 | OK | |
| r-patched-linux-x86_64 | 1.1.3 | 201.26 | 172.13 | 373.39 | OK | |
| r-release-linux-x86_64 | 1.1.3 | 199.90 | 173.88 | 373.78 | OK | |
| r-release-macos-arm64 | 1.1.3 | 83.00 | 74.00 | 157.00 | OK | |
| r-release-macos-x86_64 | 1.1.3 | 205.00 | 168.00 | 373.00 | OK | |
| r-release-windows-x86_64 | 1.1.3 | 173.00 | 188.00 | 361.00 | OK | |
| r-oldrel-macos-arm64 | 1.1.3 | 77.00 | 75.00 | 152.00 | NOTE | |
| r-oldrel-macos-x86_64 | 1.1.3 | 178.00 | 168.00 | 346.00 | NOTE | |
| r-oldrel-windows-x86_64 | 1.1.3 | 220.00 | 247.00 | 467.00 | NOTE |
Version: 1.1.3
Check: CRAN incoming feasibility
Result: NOTE
Maintainer: ‘Alexander Pastukhov <pastukhov.alexander@gmail.com>’
The BugReports field in DESCRIPTION has
https://github.com/alexander-pastukhov/bistablehistory/issues/
which should likely be
https://github.com/alexander-pastukhov/bistablehistory/issues/issues
instead.
Flavor: r-devel-linux-x86_64-debian-gcc
Version: 1.1.3
Check: installed package size
Result: NOTE
installed size is 54.9Mb
sub-directories of 1Mb or more:
libs 53.9Mb
Flavors: r-oldrel-macos-arm64, r-oldrel-macos-x86_64
Version: 1.1.3
Check: for GNU extensions in Makefiles
Result: NOTE
GNU make is a SystemRequirements.
Flavors: r-oldrel-macos-arm64, r-oldrel-macos-x86_64, r-oldrel-windows-x86_64