Last updated on 2024-08-25 05:49:16 CEST.
Flavor | Version | Tinstall | Tcheck | Ttotal | Status | Flags |
---|---|---|---|---|---|---|
r-devel-linux-x86_64-debian-clang | 0.2.6 | 75.61 | 87.49 | 163.10 | OK | |
r-devel-linux-x86_64-debian-gcc | 0.2.6 | 54.24 | 66.69 | 120.93 | OK | |
r-devel-linux-x86_64-fedora-clang | 0.2.6 | 312.43 | OK | |||
r-devel-linux-x86_64-fedora-gcc | 0.2.6 | 298.58 | OK | |||
r-devel-windows-x86_64 | 0.2.6 | 83.00 | 116.00 | 199.00 | OK | |
r-patched-linux-x86_64 | 0.2.6 | 76.81 | 83.42 | 160.23 | OK | |
r-release-linux-x86_64 | 0.2.6 | 74.79 | 80.38 | 155.17 | OK | |
r-release-macos-arm64 | 0.2.6 | 73.00 | NOTE | |||
r-release-macos-x86_64 | 0.2.6 | 96.00 | NOTE | |||
r-release-windows-x86_64 | 0.2.6 | 86.00 | 115.00 | 201.00 | OK | |
r-oldrel-macos-arm64 | 0.2.6 | 84.00 | NOTE | |||
r-oldrel-macos-x86_64 | 0.2.6 | 135.00 | NOTE | |||
r-oldrel-windows-x86_64 | 0.2.6 | 101.00 | 143.00 | 244.00 | OK |
Version: 0.2.6
Check: installed package size
Result: NOTE
installed size is 7.0Mb
sub-directories of 1Mb or more:
libs 6.6Mb
Flavors: r-release-macos-arm64, r-release-macos-x86_64, r-oldrel-macos-arm64, r-oldrel-macos-x86_64