CRAN Package Check Results for Package bluebike

Last updated on 2025-11-16 04:48:28 CET.

Flavor Version Tinstall Tcheck Ttotal Status Flags
r-devel-linux-x86_64-debian-clang 0.0.3 7.52 79.75 87.27 NOTE
r-devel-linux-x86_64-debian-gcc 0.0.3 4.71 59.79 64.50 NOTE
r-devel-linux-x86_64-fedora-clang 0.0.3 25.00 110.06 135.06 NOTE
r-devel-linux-x86_64-fedora-gcc 0.0.3 15.00 130.63 145.63 NOTE
r-devel-windows-x86_64 0.0.3 13.00 91.00 104.00 NOTE
r-patched-linux-x86_64 0.0.3 6.75 72.62 79.37 NOTE
r-release-linux-x86_64 0.0.3 6.08 72.82 78.90 NOTE
r-release-macos-arm64 0.0.3 3.00 54.00 57.00 NOTE
r-release-macos-x86_64 0.0.3 7.00 140.00 147.00 NOTE
r-release-windows-x86_64 0.0.3 10.00 90.00 100.00 NOTE
r-oldrel-macos-arm64 0.0.3 3.00 51.00 54.00 NOTE
r-oldrel-macos-x86_64 0.0.3 5.00 114.00 119.00 NOTE
r-oldrel-windows-x86_64 0.0.3 12.00 122.00 134.00 NOTE

Check Details

Version: 0.0.3
Check: Rd files
Result: NOTE checkRd: (-1) bluebike.Rd:17: Lost braces 17 | \item{\code{import_month_data}}\cr {Takes in numeric year/month values and imports data from \href{https://www.bluebikes.com/system-data}{Blue Bikes System Data} for the specified time} | ^ checkRd: (-1) bluebike.Rd:18: Lost braces; missing escapes or markup? 18 | \item{\code{station_distance}}\cr {Returns stations with distance in ascending order given the user's current location} | ^ checkRd: (-1) bluebike.Rd:19: Lost braces; missing escapes or markup? 19 | \item{\code{station_radius}}\cr {Plots the position of the stations within walking distance (500 m), and present the basic information about the stations via leaflet} | ^ checkRd: (-1) bluebike.Rd:20: Lost braces; missing escapes or markup? 20 | \item{\code{trip_distance}}\cr {Computes the geographical distance between the start and end stations} | ^ checkRd: (-1) bluebike.Rd:25: Lost braces; missing escapes or markup? 25 | \item{\code{trip_history_sample}} \cr {A sample of 1000 trip data entries from February 2022} | ^ checkRd: (-1) bluebike.Rd:26: Lost braces; missing escapes or markup? 26 | \item{\code{station_data}} \cr {A dataset that includes identification, position, and other basic information about bluebike stations} | ^ Flavors: r-devel-linux-x86_64-debian-clang, r-devel-linux-x86_64-debian-gcc, r-devel-linux-x86_64-fedora-clang, r-devel-linux-x86_64-fedora-gcc, r-devel-windows-x86_64, r-patched-linux-x86_64, r-release-linux-x86_64, r-release-macos-arm64, r-release-macos-x86_64, r-release-windows-x86_64, r-oldrel-macos-arm64, r-oldrel-macos-x86_64, r-oldrel-windows-x86_64