Last updated on 2025-11-16 04:48:28 CET.
| Flavor | Version | Tinstall | Tcheck | Ttotal | Status | Flags |
|---|---|---|---|---|---|---|
| r-devel-linux-x86_64-debian-clang | 1.1.0 | 4.59 | 69.30 | 73.89 | OK | |
| r-devel-linux-x86_64-debian-gcc | 1.1.0 | 2.74 | 50.38 | 53.12 | NOTE | |
| r-devel-linux-x86_64-fedora-clang | 1.1.0 | 16.00 | 100.64 | 116.64 | OK | |
| r-devel-linux-x86_64-fedora-gcc | 1.1.0 | 11.00 | 116.80 | 127.80 | OK | |
| r-devel-windows-x86_64 | 1.1.0 | 8.00 | 94.00 | 102.00 | OK | |
| r-patched-linux-x86_64 | 1.1.0 | 4.66 | 66.05 | 70.71 | OK | |
| r-release-linux-x86_64 | 1.1.0 | 4.23 | 66.73 | 70.96 | OK | |
| r-release-macos-arm64 | 1.1.0 | 2.00 | 40.00 | 42.00 | OK | |
| r-release-macos-x86_64 | 1.1.0 | 4.00 | 85.00 | 89.00 | OK | |
| r-release-windows-x86_64 | 1.1.0 | 7.00 | 94.00 | 101.00 | OK | |
| r-oldrel-macos-arm64 | 1.1.0 | 2.00 | 42.00 | 44.00 | OK | |
| r-oldrel-macos-x86_64 | 1.1.0 | 4.00 | 83.00 | 87.00 | OK | |
| r-oldrel-windows-x86_64 | 1.1.0 | 9.00 | 116.00 | 125.00 | OK |
Version: 1.1.0
Check: CRAN incoming feasibility
Result: NOTE
Maintainer: ‘Frederic Bertrand <frederic.bertrand@lecnam.net>’
The BugReports field in DESCRIPTION has
https://github.com/fbertran/bootPLS/issues/
which should likely be
https://github.com/fbertran/bootPLS/issues/issues
instead.
Flavor: r-devel-linux-x86_64-debian-gcc