Last updated on 2025-11-16 04:48:28 CET.
| Flavor | Version | Tinstall | Tcheck | Ttotal | Status | Flags |
|---|---|---|---|---|---|---|
| r-devel-linux-x86_64-debian-clang | 1.0.1 | 2.13 | 28.28 | 30.41 | OK | |
| r-devel-linux-x86_64-debian-gcc | 1.0.1 | 1.59 | 23.09 | 24.68 | OK | |
| r-devel-linux-x86_64-fedora-clang | 1.0.1 | 46.49 | OK | |||
| r-devel-linux-x86_64-fedora-gcc | 1.0.1 | 57.66 | OK | |||
| r-devel-windows-x86_64 | 1.0.1 | 6.00 | 46.00 | 52.00 | OK | |
| r-patched-linux-x86_64 | 1.0.1 | 2.25 | 25.90 | 28.15 | OK | |
| r-release-linux-x86_64 | 1.0.1 | 2.06 | 26.03 | 28.09 | OK | |
| r-release-macos-arm64 | 1.0.1 | 1.00 | 36.00 | 37.00 | OK | |
| r-release-macos-x86_64 | 1.0.1 | 2.00 | 46.00 | 48.00 | OK | |
| r-release-windows-x86_64 | 1.0.1 | 4.00 | 45.00 | 49.00 | OK | |
| r-oldrel-macos-arm64 | 1.0.1 | 1.00 | 25.00 | 26.00 | NOTE | |
| r-oldrel-macos-x86_64 | 1.0.1 | 3.00 | 55.00 | 58.00 | NOTE | |
| r-oldrel-windows-x86_64 | 1.0.1 | 5.00 | 51.00 | 56.00 | NOTE |
Version: 1.0.1
Check: LazyData
Result: NOTE
'LazyData' is specified without a 'data' directory
Flavors: r-oldrel-macos-arm64, r-oldrel-macos-x86_64, r-oldrel-windows-x86_64