CRAN Package Check Results for Package bpDir

Last updated on 2025-10-26 04:48:28 CET.

Flavor Version Tinstall Tcheck Ttotal Status Flags
r-devel-linux-x86_64-debian-clang 0.1.2 3.83 28.34 32.17 NOTE
r-devel-linux-x86_64-debian-gcc 0.1.2 2.61 21.44 24.05 NOTE
r-devel-linux-x86_64-fedora-clang 0.1.2 21.00 29.54 50.54 OK
r-devel-linux-x86_64-fedora-gcc 0.1.2 47.67 OK
r-devel-windows-x86_64 0.1.2 4.00 44.00 48.00 OK
r-patched-linux-x86_64 0.1.2 3.62 26.70 30.32 OK
r-release-linux-x86_64 0.1.2 3.64 26.66 30.30 OK
r-release-macos-arm64 0.1.2 2.00 16.00 18.00 OK
r-release-macos-x86_64 0.1.2 6.00 41.00 47.00 OK
r-release-windows-x86_64 0.1.2 4.00 45.00 49.00 OK
r-oldrel-macos-arm64 0.1.2 2.00 20.00 22.00 OK
r-oldrel-macos-x86_64 0.1.2 5.00 33.00 38.00 OK
r-oldrel-windows-x86_64 0.1.2 5.00 52.00 57.00 OK

Check Details

Version: 0.1.2
Check: CRAN incoming feasibility
Result: NOTE Maintainer: ‘Davide Buttarazzi <davidebuttarazzi@outlook.com>’ No Authors@R field in DESCRIPTION. Please add one, modifying Authors@R: person(given = "Davide", family = "Buttarazzi", role = c("aut", "cre"), email = "davidebuttarazzi@outlook.com") as necessary. Flavors: r-devel-linux-x86_64-debian-clang, r-devel-linux-x86_64-debian-gcc