Last updated on 2024-08-25 05:49:16 CEST.
Flavor | Version | Tinstall | Tcheck | Ttotal | Status | Flags |
---|---|---|---|---|---|---|
r-devel-linux-x86_64-debian-clang | 1.2.1.29 | 4.13 | 34.41 | 38.54 | OK | |
r-devel-linux-x86_64-debian-gcc | 1.2.1.29 | 3.04 | 25.76 | 28.80 | OK | |
r-devel-linux-x86_64-fedora-clang | 1.2.1.29 | 62.34 | NOTE | |||
r-devel-linux-x86_64-fedora-gcc | 1.2.1.29 | 58.79 | NOTE | |||
r-devel-windows-x86_64 | 1.2.1.29 | 7.00 | 54.00 | 61.00 | OK | |
r-patched-linux-x86_64 | 1.2.1.29 | 3.93 | 33.67 | 37.60 | OK | |
r-release-linux-x86_64 | 1.2.1.29 | 2.94 | 33.27 | 36.21 | OK | |
r-release-macos-arm64 | 1.2.1.29 | 21.00 | OK | |||
r-release-macos-x86_64 | 1.2.1.29 | 32.00 | OK | |||
r-release-windows-x86_64 | 1.2.1.29 | 7.00 | 54.00 | 61.00 | OK | |
r-oldrel-macos-arm64 | 1.2.1.29 | 21.00 | OK | |||
r-oldrel-macos-x86_64 | 1.2.1.29 | 29.00 | OK | |||
r-oldrel-windows-x86_64 | 1.2.1.29 | 7.00 | 58.00 | 65.00 | OK |
Version: 1.2.1.29
Check: dependencies in R code
Result: NOTE
Namespace in Imports field not imported from: ‘dplyr’
All declared Imports should be used.
Flavors: r-devel-linux-x86_64-fedora-clang, r-devel-linux-x86_64-fedora-gcc