Last updated on 2025-11-16 04:48:28 CET.
| Flavor | Version | Tinstall | Tcheck | Ttotal | Status | Flags |
|---|---|---|---|---|---|---|
| r-devel-linux-x86_64-debian-clang | 0.1.0 | 3.84 | 44.47 | 48.31 | OK | |
| r-devel-linux-x86_64-debian-gcc | 0.1.0 | 2.75 | 33.46 | 36.21 | NOTE | |
| r-devel-linux-x86_64-fedora-clang | 0.1.0 | 69.83 | OK | |||
| r-devel-linux-x86_64-fedora-gcc | 0.1.0 | 66.31 | OK | |||
| r-devel-windows-x86_64 | 0.1.0 | 8.00 | 56.00 | 64.00 | OK | |
| r-patched-linux-x86_64 | 0.1.0 | 3.74 | 40.49 | 44.23 | OK | |
| r-release-linux-x86_64 | 0.1.0 | 3.27 | 39.68 | 42.95 | OK | |
| r-release-macos-arm64 | 0.1.0 | 2.00 | 22.00 | 24.00 | OK | |
| r-release-macos-x86_64 | 0.1.0 | 3.00 | 38.00 | 41.00 | OK | |
| r-release-windows-x86_64 | 0.1.0 | 6.00 | 57.00 | 63.00 | OK | |
| r-oldrel-macos-arm64 | 0.1.0 | 2.00 | 25.00 | 27.00 | OK | |
| r-oldrel-macos-x86_64 | 0.1.0 | 4.00 | 41.00 | 45.00 | OK | |
| r-oldrel-windows-x86_64 | 0.1.0 | 9.00 | 69.00 | 78.00 | OK |
Version: 0.1.0
Check: CRAN incoming feasibility
Result: NOTE
Maintainer: ‘Daniel Vartanian <danvartan@gmail.com>’
The BugReports field in DESCRIPTION has
https://github.com/danielvartan/brandr/issues/
which should likely be
https://github.com/danielvartan/brandr/issues/issues
instead.
Flavor: r-devel-linux-x86_64-debian-gcc