Last updated on 2024-08-25 05:49:16 CEST.
Flavor | Version | Tinstall | Tcheck | Ttotal | Status | Flags |
---|---|---|---|---|---|---|
r-devel-linux-x86_64-debian-clang | 2024.0.0 | 4.58 | 34.76 | 39.34 | OK | |
r-devel-linux-x86_64-debian-gcc | 2024.0.0 | 3.65 | 26.38 | 30.03 | OK | |
r-devel-linux-x86_64-fedora-clang | 2024.0.0 | 64.32 | NOTE | |||
r-devel-linux-x86_64-fedora-gcc | 2024.0.0 | 60.07 | NOTE | |||
r-devel-windows-x86_64 | 2024.0.0 | 7.00 | 55.00 | 62.00 | OK | |
r-patched-linux-x86_64 | 2024.0.0 | 4.74 | 32.90 | 37.64 | OK | |
r-release-linux-x86_64 | 2024.0.0 | 4.07 | 32.83 | 36.90 | OK | |
r-release-macos-arm64 | 2024.0.0 | 23.00 | OK | |||
r-release-macos-x86_64 | 2024.0.0 | 38.00 | OK | |||
r-release-windows-x86_64 | 2024.0.0 | 7.00 | 54.00 | 61.00 | OK | |
r-oldrel-macos-arm64 | 2024.0.0 | 30.00 | OK | |||
r-oldrel-macos-x86_64 | 2024.0.0 | 40.00 | OK | |||
r-oldrel-windows-x86_64 | 2024.0.0 | 8.00 | 59.00 | 67.00 | OK |
Version: 2024.0.0
Check: data for non-ASCII characters
Result: NOTE
Note: found 108 marked UTF-8 strings
Flavors: r-devel-linux-x86_64-fedora-clang, r-devel-linux-x86_64-fedora-gcc