Last updated on 2025-11-16 04:48:28 CET.
| Flavor | Version | Tinstall | Tcheck | Ttotal | Status | Flags |
|---|---|---|---|---|---|---|
| r-devel-linux-x86_64-debian-clang | 0.1.6.1 | 315.06 | 344.09 | 659.15 | OK | |
| r-devel-linux-x86_64-debian-gcc | 0.1.6.1 | 148.47 | 221.06 | 369.53 | NOTE | |
| r-devel-linux-x86_64-fedora-clang | 0.1.6.1 | 85.00 | 1151.01 | 1236.01 | OK | |
| r-devel-linux-x86_64-fedora-gcc | 0.1.6.1 | 402.00 | 540.56 | 942.56 | OK | |
| r-devel-windows-x86_64 | 0.1.6.1 | 207.00 | 375.00 | 582.00 | OK | |
| r-patched-linux-x86_64 | 0.1.6.1 | 174.37 | 349.90 | 524.27 | OK | |
| r-release-linux-x86_64 | 0.1.6.1 | 174.63 | 353.09 | 527.72 | OK | |
| r-release-macos-arm64 | 0.1.6.1 | 58.00 | 134.00 | 192.00 | OK | |
| r-release-macos-x86_64 | 0.1.6.1 | 66.00 | 480.00 | 546.00 | OK | |
| r-release-windows-x86_64 | 0.1.6.1 | 200.00 | 359.00 | 559.00 | OK | |
| r-oldrel-macos-arm64 | 0.1.6.1 | 64.00 | 131.00 | 195.00 | NOTE | |
| r-oldrel-macos-x86_64 | 0.1.6.1 | 61.00 | 401.00 | 462.00 | NOTE | |
| r-oldrel-windows-x86_64 | 0.1.6.1 | 174.00 | 478.00 | 652.00 | OK |
Version: 0.1.6.1
Check: CRAN incoming feasibility
Result: NOTE
Maintainer: ‘Tony Wilkes <tony_a_wilkes@outlook.com>’
The BugReports field in DESCRIPTION has
https://github.com/tony-aw/broadcast/issues/
which should likely be
https://github.com/tony-aw/broadcast/issues/issues
instead.
Flavor: r-devel-linux-x86_64-debian-gcc
Version: 0.1.6.1
Check: installed package size
Result: NOTE
installed size is 8.9Mb
sub-directories of 1Mb or more:
libs 7.0Mb
Flavors: r-oldrel-macos-arm64, r-oldrel-macos-x86_64