Last updated on 2025-10-25 05:49:57 CEST.
| Flavor | Version | Tinstall | Tcheck | Ttotal | Status | Flags |
|---|---|---|---|---|---|---|
| r-devel-linux-x86_64-debian-clang | 1.0.2 | 9.94 | 301.65 | 311.59 | OK | |
| r-devel-linux-x86_64-debian-gcc | 1.0.2 | 6.86 | 192.77 | 199.63 | OK | |
| r-devel-linux-x86_64-fedora-clang | 1.0.2 | 47.00 | 511.19 | 558.19 | OK | |
| r-devel-linux-x86_64-fedora-gcc | 1.0.2 | 21.00 | 448.39 | 469.39 | OK | |
| r-devel-windows-x86_64 | 1.0.2 | 11.00 | 265.00 | 276.00 | OK | |
| r-patched-linux-x86_64 | 1.0.2 | 8.90 | 288.55 | 297.45 | OK | |
| r-release-linux-x86_64 | 1.0.2 | 9.70 | 285.31 | 295.01 | OK | |
| r-release-macos-arm64 | 1.0.2 | 4.00 | 121.00 | 125.00 | OK | |
| r-release-macos-x86_64 | 1.0.2 | 12.00 | 242.00 | 254.00 | OK | |
| r-release-windows-x86_64 | 1.0.2 | 14.00 | 267.00 | 281.00 | OK | |
| r-oldrel-macos-arm64 | 1.0.2 | 4.00 | 107.00 | 111.00 | OK | |
| r-oldrel-macos-x86_64 | 1.0.2 | 9.00 | 227.00 | 236.00 | NOTE | |
| r-oldrel-windows-x86_64 | 1.0.2 | 16.00 | 361.00 | 377.00 | OK |
Version: 1.0.2
Check: installed package size
Result: NOTE
installed size is 5.0Mb
sub-directories of 1Mb or more:
doc 2.4Mb
help 2.3Mb
Flavor: r-oldrel-macos-x86_64