Last updated on 2024-08-25 05:49:16 CEST.
Flavor | Version | Tinstall | Tcheck | Ttotal | Status | Flags |
---|---|---|---|---|---|---|
r-devel-linux-x86_64-debian-clang | 0.0.61 | 11.70 | 24.93 | 36.63 | OK | |
r-devel-linux-x86_64-debian-gcc | 0.0.61 | 10.02 | 19.72 | 29.74 | OK | |
r-devel-linux-x86_64-fedora-clang | 0.0.61 | 65.84 | NOTE | |||
r-devel-linux-x86_64-fedora-gcc | 0.0.61 | 66.17 | OK | |||
r-devel-windows-x86_64 | 0.0.61 | 15.00 | 64.00 | 79.00 | OK | |
r-patched-linux-x86_64 | 0.0.61 | 13.91 | 24.07 | 37.98 | OK | |
r-release-linux-x86_64 | 0.0.61 | 12.13 | 24.13 | 36.26 | OK | |
r-release-macos-arm64 | 0.0.61 | 23.00 | OK | |||
r-release-macos-x86_64 | 0.0.61 | 33.00 | OK | |||
r-release-windows-x86_64 | 0.0.61 | 16.00 | 66.00 | 82.00 | OK | |
r-oldrel-macos-arm64 | 0.0.61 | 25.00 | OK | |||
r-oldrel-macos-x86_64 | 0.0.61 | 37.00 | OK | |||
r-oldrel-windows-x86_64 | 0.0.61 | 16.00 | 75.00 | 91.00 | OK |
Version: 0.0.61
Check: Rd cross-references
Result: NOTE
Undeclared package ‘data.table’ in Rd xrefs
Flavor: r-devel-linux-x86_64-fedora-clang